{"id":12184,"date":"2018-04-06T14:55:01","date_gmt":"2018-04-06T13:55:01","guid":{"rendered":"http:\/\/www.ordineavvocatipescara.it\/?page_id=12184"},"modified":"2018-04-06T14:55:46","modified_gmt":"2018-04-06T13:55:46","slug":"informativa-4518-info-giurisprudenza-n-5-18","status":"publish","type":"page","link":"https:\/\/www.ordineavvocatipescara.it\/index.php\/informativa-4518-info-giurisprudenza-n-5-18\/","title":{"rendered":"Informativa 45\/18 (INFO GIURISPRUDENZA N. 5-18)"},"content":{"rendered":"<p>&nbsp;<\/p>\n<p><span style=\"color: #000080;\"><strong>Lettera informativa n. 45\/18 del 06.04.2018 \u2013 <\/strong><span style=\"color: #008000;\"><strong>NG 5-18<\/strong><\/span><\/span><\/p>\n<p><span style=\"color: #000080;\"><strong>\u00a0<\/strong><\/span><\/p>\n<p><span style=\"color: #008000;\"><strong><u>NEWSLETTER GIURISPRUDENZIALE n. 5-2018<\/u><\/strong><\/span><\/p>\n<p><span style=\"color: #000080;\"><strong><em><br \/>\n<\/em><\/strong><\/span><\/p>\n<p><span style=\"color: #ff0000;\"><strong><em>OTTOBRE 2017 (II)<\/em><\/strong><\/span><\/p>\n<p>&nbsp;<\/p>\n<p style=\"text-align: justify;\"><span style=\"color: #000080;\"><strong>CASSAZIONE CIVILE, SEZ. III, ORDINANZA N. 24292 DEL 16 OTTOBRE 2017<\/strong><\/span><\/p>\n<p style=\"text-align: justify;\"><span style=\"color: #000080;\"><strong><em>(Sentenza impugnata notificata per posta elettronica certificata \u2013 Difensore del ricorrente \u2013 Estrazione di copie cartacee \u2013 Messaggio e relazione di notificazione pervenutigli \u2013 Sottoscrizione autografa di conformit\u00e0 agli originali digitali)<\/em><\/strong><\/span><\/p>\n<p style=\"text-align: justify;\"><span style=\"color: #000080;\">In tema di ricorso per cassazione, qualora la notificazione della sentenza impugnata sia stata eseguita con modalit\u00e0 telematica, per soddisfare l\u2019onere di deposito della copia autentica della relazione di notificazione ex art. 369, comma 2, n. 2, c.p.c., il difensore del ricorrente, destinatario della notificazione, deve estrarre copie cartacee del messaggio di posta elettronica certificata pervenutogli e della relazione di notificazione redatta dal mittente, attestare con propria sottoscrizione autografa la conformit\u00e0 agli originali digitali delle copie analogiche formate e depositare queste ultime presso la cancelleria della Corte di cassazione entro il termine stabilito dalla disposizione codicistica.<\/span><\/p>\n<p style=\"text-align: justify;\"><span style=\"color: #000080;\"><strong>CASSAZIONE CIVILE, SEZ. III, ORDINANZA N. 24293 DEL 16 OTTOBRE 2017<\/strong><\/span><\/p>\n<p style=\"text-align: justify;\"><span style=\"color: #000080;\"><strong><em>(Anatocismo \u2013 Divieto assoluto)<\/em><\/strong><\/span><\/p>\n<p style=\"text-align: justify;\"><span style=\"color: #000080;\">Dopo la riforma delle banche attuata con la legge n. 49 del 2016, l\u2019istituto di credito non pu\u00f2 attuare alcuna capitalizzazione sugli interessi, neppure annuale e tantomeno trimestrale.<\/span><\/p>\n<p style=\"text-align: justify;\"><span style=\"color: #000080;\"><strong>CASSAZIONE CIVILE, SEZ. LAVORO, ORDINANZA N. 24450 DEL 17 OTTOBRE 2017<\/strong><\/span><\/p>\n<p style=\"text-align: justify;\"><span style=\"color: #000080;\"><strong><em>(Trasferimento &#8211; Relazione sentimentale del dipendente col dirigente)<\/em><\/strong><\/span><\/p>\n<p style=\"text-align: justify;\"><span style=\"color: #000080;\">\u00c8 legittimo anzi doveroso il trasferimento del lavoratore che ha una relazione sentimentale con il dirigente. \u00c8 importante la tutela dell&#8217;immagine dell&#8217;ufficio nei confronti degli utenti e degli altri dipendenti.<\/span><\/p>\n<p style=\"text-align: justify;\"><span style=\"color: #000080;\"><strong>CASSAZIONE CIVILE, SEZ. II, SENTENZA N. 24484 DEL 17 OTTOBRE 2017<\/strong><\/span><\/p>\n<p style=\"text-align: justify;\"><span style=\"color: #000080;\"><strong><em>(Amministratore \u2013 Smaltimento di materiali edili \u2013 Incarico conferito a una sua societ\u00e0 \u2013 Mancanza di autorizzazione dell\u2019assemblea \u2013 Violazione degli obblighi del mandato)<\/em><\/strong><\/span><\/p>\n<p style=\"text-align: justify;\"><span style=\"color: #000080;\">L\u2019amministratore \u00e8 tenuto a risarcire il condominio se paga una societ\u00e0 di cui \u00e8 socio e amministratore per smaltire i materiali edili nella discarica. La conclusione di un contratto con se stesso senza autorizzazione dell\u2019assemblea, viola, infatti, il dovere di diligenza del mandato conferito.<\/span><\/p>\n<p style=\"text-align: justify;\"><span style=\"color: #000080;\"><strong>CASSAZIONE CIVILE, SEZ. LAVORO, SENTENZA N. 24555 DEL 18 OTTOBRE 2017<\/strong><\/span><\/p>\n<p style=\"text-align: justify;\"><span style=\"color: #000080;\"><strong><em>(Mancato avanzamento in carriera \u2013 Atto discriminatorio)<\/em><\/strong><\/span><\/p>\n<p style=\"text-align: justify;\"><span style=\"color: #000080;\">Il mancato avanzamento di carriera rivendicato dal dipendente non pu\u00f2 ritenersi frutto di un atto discriminatorio del datore per l\u2019impegno sindacale del lavoratore laddove la ragione sta nella diversit\u00e0 di visione del ruolo di responsabilit\u00e0 fra l\u2019interessato e l\u2019impresa, come emerge dalle conversazioni con i vertici aziendali registrate dallo stesso prestatore e peraltro disconosciute dal datore.<\/span><\/p>\n<p style=\"text-align: justify;\"><span style=\"color: #000080;\"><strong>CASSAZIONE CIVILE, SEZ. VI, ORDINANZA N. 24590 DEL 18 OTTOBRE 2017<\/strong><\/span><\/p>\n<p style=\"text-align: justify;\"><span style=\"color: #000080;\"><strong>(IRAP &#8211; <\/strong><strong><em>Professionista che collabora con due associazioni professionali)<\/em><\/strong><\/span><\/p>\n<p style=\"text-align: justify;\"><span style=\"color: #000080;\">Paga l\u2019Irap il professionista che collabora con due studi associati a meno che non riesca a dimostrare di non avvalersi dell\u2019organizzazione n\u00e9 dell\u2019uno che dell\u2019altro.<\/span><\/p>\n<p style=\"text-align: justify;\"><span style=\"color: #000080;\"><strong>CASSAZIONE CIVILE, SEZ. UNITE, SENTENZA N. 24675 DEL 19 OTTOBRE 2017<\/strong><\/span><\/p>\n<p style=\"text-align: justify;\"><span style=\"color: #000080;\"><strong><em>(Tasso d\u2019interesse &#8211; Usurariet\u00e0 sopravvenuta)<\/em><\/strong><\/span><\/p>\n<p style=\"text-align: justify;\"><span style=\"color: #000080;\">Allorch\u00e9 il tasso degli interessi concordato tra mutuante e mutuatario superi, nel corso dello svolgimento del rapporto, la soglia dell&#8217;usura come determinata in base alle disposizioni della legge n. 108 del 1996, non si verifica la nullit\u00e0 o l&#8217;inefficacia della clausola di determinazione del tasso degli interessi stipulata anteriormente all&#8217;entrata in vigore della predetta legge, o della clausola stipulata successivamente, per un tasso non eccedente tale soglia quale risultante al momento della stipula; n\u00e9 la pretesa del mutuante di riscuotere gli interessi secondo il tasso validamente concordato pu\u00f2 essere qualificata, per il solo fatto del sopraggiunto superamento di tale soglia, contraria al dovere di buona fede nell&#8217;esecuzione del contratto.<\/span><\/p>\n<p style=\"text-align: justify;\"><span style=\"color: #000080;\"><strong>CASSAZIONE PENALE, SEZ. UNITE, SENTENZA N. 48126 DEL 19 OTTOBRE 2017<\/strong><\/span><\/p>\n<p style=\"text-align: justify;\"><span style=\"color: #000080;\"><strong><em>(Sequestro preventivo \u2013 Confisca &#8211; Terzo \u2013 Restituzione \u2013 Domanda al giudice della cognizione)<\/em><\/strong><\/span><\/p>\n<p style=\"text-align: justify;\"><span style=\"color: #000080;\">Il terzo, prima che la sentenza sia divenuta irrevocabile, pu\u00f2 chiedere al giudice della cognizione la restituzione del bene sequestrato e, in caso di diniego, proporre appello dinanzi al tribunale del riesame. Qualora sia stata erroneamente proposta opposizione mediante incidente di esecuzione, questa va qualificata come appello e trasmessa al tribunale del riesame.<\/span><\/p>\n<p style=\"text-align: justify;\"><span style=\"color: #000080;\"><strong>CASSAZIONE CIVILE, SEZ. VI &#8211; 3, ORDINANZA N. 24660 DEL 19 OTTOBRE 2017<\/strong><\/span><\/p>\n<p style=\"text-align: justify;\"><span style=\"color: #000080;\"><strong><em>(Difensore solo domiciliatario \u2013 Mutamento di indirizzo \u2013 Mancata comunicazione \u2013 Notifica effettuata al vecchio indirizzo e tardivamente al nuovo)<\/em><\/strong><\/span><\/p>\n<p style=\"text-align: justify;\"><span style=\"color: #000080;\">In tema di impugnazioni, quando la notifica dell&#8217;impugnazione sia avvenuta al domicilio precedentemente eletto dal difensore della controparte senza che consti alcuna formale comunicazione del suo mutamento od altra negligenza del notificante, deve ritenersi ugualmente rispettato, a tutela dell&#8217;affidamento dell&#8217;impugnante, il termine di proposizione dell&#8217;impugnazione, pur formalmente tardiva, purch\u00e9 risulti che nel corso degli adempimenti di notificazione, acquisita formale conoscenza del trasferimento dello studio professionale del difensore, il notificante si sia attivato con immediatezza, e comunque entro un termine ragionevole, a riprendere il procedimento notificatorio, andato poi a buon fine.<\/span><\/p>\n<p style=\"text-align: justify;\"><span style=\"color: #000080;\"><strong>CASSAZIONE PENALE, SEZ. IV, SENTENZA N. 48275 DEL 19 OTTOBRE 2017<\/strong><\/span><\/p>\n<p style=\"text-align: justify;\"><span style=\"color: #000080;\"><strong><em>(Avviso d\u2019udienza &#8211; Domicilio eletto dall\u2019imputato \u2013 Inidoneit\u00e0 \u2013 Consegna dell\u2019atto al difensore \u2013 In duplice veste di consegnatario e di difensore \u2013 Posta elettronica certificata)<\/em><\/strong><\/span><\/p>\n<p style=\"text-align: justify;\"><span style=\"color: #000080;\">Ai fini della validit\u00e0 della notificazione al difensore anche nella sua veste istituzionale, \u00e8 necessario che gli siano recapitate due copie dell\u2019atto introduttivo del giudizio o, quanto meno, che risulti dall\u2019attestazione dell\u2019ufficiale notificatore che la notifica \u00e8 stata effettuata in sostituzione di quella al domicilio dell\u2019imputato, in modo da consentire al difensore di sapere di essere stato informato nella duplice veste di difensore e di consegnatario dell\u2019atto per l\u2019impossibilit\u00e0 di reperire l\u2019imputato nel domicilio dichiarato, valendo detto principio nel caso di notifica eseguita a mezzo posta elettronica certificata.<\/span><\/p>\n<p style=\"text-align: justify;\"><span style=\"color: #000080;\"><strong>CASSAZIONE CIVILE, SEZ. VI &#8211; 1, ORDINANZA N. 25074 DEL 23 OTTOBRE 2017<\/strong><\/span><\/p>\n<p style=\"text-align: justify;\"><span style=\"color: #000080;\"><strong><em>(Diritto all\u2019assegno in caso di convivenza)<\/em><\/strong><\/span><\/p>\n<p style=\"text-align: justify;\"><span style=\"color: #000080;\">La sola convivenza con un nuovo compagno non fa venir meno il diritto all\u2019assegno di divorzio. Il coniuge sui cui grava il contributo economico sancito dal giudice deve infatti dimostrare che esistono tutti gli elementi per catalogare come famiglia di fatto la nuova unione dell\u2019ex, fra cui uno stabile apporto economico del partner attuale.<\/span><\/p>\n<p style=\"text-align: justify;\"><span style=\"color: #000080;\"><strong>CASSAZIONE CIVILE, SEZ. VI &#8211; 3, ORDINANZA N. 25060 DEL 23 OTTOBRE 2017<\/strong><\/span><\/p>\n<p style=\"text-align: justify;\"><span style=\"color: #000080;\"><strong><em>(Moltiplicazione delle cause da parte dell\u2019avvocato \u2013 Abuso del diritto)<\/em><\/strong><\/span><\/p>\n<p style=\"text-align: justify;\"><span style=\"color: #000080;\">Commette abuso del diritto l\u2019avvocato che fraziona il suo credito e non si cura di evitare la moltiplicazione dei giudizi.<\/span><\/p>\n","protected":false},"excerpt":{"rendered":"<p>&nbsp; Lettera informativa n. 45\/18 del 06.04.2018 \u2013 NG 5-18 \u00a0 NEWSLETTER GIURISPRUDENZIALE n. 5-2018 OTTOBRE 2017 (II) &nbsp; CASSAZIONE CIVILE, SEZ. III, ORDINANZA N. 24292 DEL 16 OTTOBRE 2017 (Sentenza impugnata notificata per posta elettronica certificata \u2013 Difensore del ricorrente \u2013 Estrazione di copie cartacee \u2013 Messaggio e relazione di notificazione pervenutigli \u2013 Sottoscrizione [&hellip;]<\/p>\n","protected":false},"author":3,"featured_media":0,"parent":0,"menu_order":0,"comment_status":"closed","ping_status":"closed","template":"","meta":[],"_links":{"self":[{"href":"https:\/\/www.ordineavvocatipescara.it\/index.php\/wp-json\/wp\/v2\/pages\/12184"}],"collection":[{"href":"https:\/\/www.ordineavvocatipescara.it\/index.php\/wp-json\/wp\/v2\/pages"}],"about":[{"href":"https:\/\/www.ordineavvocatipescara.it\/index.php\/wp-json\/wp\/v2\/types\/page"}],"author":[{"embeddable":true,"href":"https:\/\/www.ordineavvocatipescara.it\/index.php\/wp-json\/wp\/v2\/users\/3"}],"replies":[{"embeddable":true,"href":"https:\/\/www.ordineavvocatipescara.it\/index.php\/wp-json\/wp\/v2\/comments?post=12184"}],"version-history":[{"count":2,"href":"https:\/\/www.ordineavvocatipescara.it\/index.php\/wp-json\/wp\/v2\/pages\/12184\/revisions"}],"predecessor-version":[{"id":12186,"href":"https:\/\/www.ordineavvocatipescara.it\/index.php\/wp-json\/wp\/v2\/pages\/12184\/revisions\/12186"}],"wp:attachment":[{"href":"https:\/\/www.ordineavvocatipescara.it\/index.php\/wp-json\/wp\/v2\/media?parent=12184"}],"curies":[{"name":"wp","href":"https:\/\/api.w.org\/{rel}","templated":true}]}}