{"id":14390,"date":"2019-07-16T13:12:03","date_gmt":"2019-07-16T12:12:03","guid":{"rendered":"http:\/\/www.ordineavvocatipescara.it\/?page_id=14390"},"modified":"2019-07-16T13:13:49","modified_gmt":"2019-07-16T12:13:49","slug":"informativa-11719-chiusura-estiva-uffici-ordine-assemblea-10-7-19","status":"publish","type":"page","link":"https:\/\/www.ordineavvocatipescara.it\/index.php\/informativa-11719-chiusura-estiva-uffici-ordine-assemblea-10-7-19\/","title":{"rendered":"Informativa 117\/19 (CHIUSURA ESTIVA UFFICI ORDINE &#8211; ASSEMBLEA 10.7.19)"},"content":{"rendered":"<p>&nbsp;<\/p>\n<p><span style=\"color: #000080;\"><strong>\u00a0<\/strong><\/span><\/p>\n<p><span style=\"color: #000080;\"><strong>Lettera informativa n. 117\/19 del 16.07.2019<\/strong><\/span><\/p>\n<p>&nbsp;<\/p>\n<p>&nbsp;<\/p>\n<p><span style=\"color: #000080;\"><strong><span style=\"color: #ff0000;\">1.CHIUSURA ESTIVA UFFICI ORDINE<\/span> <\/strong><\/span><\/p>\n<p style=\"text-align: justify;\"><span style=\"color: #000080;\">Si informano gli iscritti che <strong>gli uffici di Segreteria dell\u2019Ordine resteranno chiusi<\/strong> <strong>dal giorno 8 al giorno 23 agosto 2019<\/strong>.<\/span><\/p>\n<p style=\"text-align: justify;\"><span style=\"color: #000080;\"><strong>Gli uffici riapriranno al pubblico luned\u00ec 26 agosto 2019.<\/strong><\/span><\/p>\n<ul style=\"text-align: justify;\">\n<li><span style=\"color: #000080;\"><strong>DEPOSITO TELEMATICO ISTANZE PSS<\/strong><\/span><\/li>\n<\/ul>\n<p style=\"text-align: justify;\"><span style=\"color: #000080;\">Ai fini della presentazione delle istanze di ammissione al Patrocinio a Spese dello Stato, si segnala che l\u2019ultima seduta COA, prima della chiusura estiva, \u00e8 fissata per gioved\u00ec 1 agosto; pertanto, il termine utile per il deposito \u00e8 <strong>sino a marted\u00ec 30 luglio ore 12.30<\/strong>.<\/span><\/p>\n<p><span style=\"color: #000080;\"><strong>\u00a0<\/strong><\/span><\/p>\n<p><span style=\"color: #ff0000;\"><strong>\u00a02.<\/strong><strong>ASSEMBLEA STRAORDINARIA DEGLI ISCRITTI 10.07.19<\/strong><\/span><\/p>\n<p style=\"text-align: justify;\"><span style=\"color: #000080;\">L\u2019Assemblea straordinaria degli iscritti, tenutasi lo scorso 10 luglio, ha visto la partecipazione di numerosi Colleghi ed ha registrato diversi interventi, a riprova del diffuso, notevole interesse per i temi trattati.<\/span><\/p>\n<p style=\"text-align: justify;\"><span style=\"color: #000080;\">Sono state presentate e poste in votazione le seguenti proposte di delibera, con l\u2019esito di seguito indicato:<\/span><\/p>\n<p style=\"text-align: justify;\"><span style=\"color: #000080;\">PROPOSTA N. 1)<em> \u201cSi proceda alla sottoscrizione, revisione o modifica di tutti i protocolli o linee guida per la liquidazione dei compensi sottoscritti nel nostro Circondario nel senso di applicare gli importi previsti secondo i criteri normativi vigenti ed in particolare nel senso che non siano mai derogati i minimi previsti dalle tabelle del DM 37\/2018.\u201d <\/em><\/span><\/p>\n<p style=\"text-align: justify;\"><span style=\"color: #000080;\">VOTI FAVOREVOLI 28 &#8211; VOTI CONTRARI 54<\/span><\/p>\n<p style=\"text-align: justify;\"><span style=\"color: #000080;\">L\u2019Assemblea non ha approvato la proposta.<\/span><\/p>\n<p style=\"text-align: justify;\"><span style=\"color: #000080;\">PROPOSTA N. 2) <em>\u201cIl Consiglio dell\u2019Ordine degli Avvocati di Pescara, nell\u2019ambito dell\u2019Osservatorio sulla Giustizia e nelle future discussioni in ordine ai c.d. protocolli di liquidazione, chiarisca e richieda l\u2019espressa previsione del seguente principio \u201cPer le richieste di liquidazione dei compensi effettuate senza aderire ai c.d. protocolli, questi ultimi non potranno essere applicati per analogia, ma il Giudice sar\u00e0 tenuto all\u2019obbligo di motivazione ordinario\u201d.<\/em><\/span><\/p>\n<p style=\"text-align: justify;\"><span style=\"color: #000080;\">VOTI FAVOREVOLI 20 &#8211; VOTI CONTRARI 62<\/span><\/p>\n<p style=\"text-align: justify;\"><span style=\"color: #000080;\">L\u2019Assemblea non ha approvato la proposta.<\/span><\/p>\n<p><span style=\"color: #000080;\"><em>\u00a0<\/em><\/span><\/p>\n<p><span style=\"color: #000080;\"><strong>\u00a0<\/strong><\/span><\/p>\n","protected":false},"excerpt":{"rendered":"<p>&nbsp; \u00a0 Lettera informativa n. 117\/19 del 16.07.2019 &nbsp; &nbsp; 1.CHIUSURA ESTIVA UFFICI ORDINE Si informano gli iscritti che gli uffici di Segreteria dell\u2019Ordine resteranno chiusi dal giorno 8 al giorno 23 agosto 2019. Gli uffici riapriranno al pubblico luned\u00ec 26 agosto 2019. DEPOSITO TELEMATICO ISTANZE PSS Ai fini della presentazione delle istanze di ammissione [&hellip;]<\/p>\n","protected":false},"author":3,"featured_media":0,"parent":0,"menu_order":0,"comment_status":"closed","ping_status":"closed","template":"","meta":[],"_links":{"self":[{"href":"https:\/\/www.ordineavvocatipescara.it\/index.php\/wp-json\/wp\/v2\/pages\/14390"}],"collection":[{"href":"https:\/\/www.ordineavvocatipescara.it\/index.php\/wp-json\/wp\/v2\/pages"}],"about":[{"href":"https:\/\/www.ordineavvocatipescara.it\/index.php\/wp-json\/wp\/v2\/types\/page"}],"author":[{"embeddable":true,"href":"https:\/\/www.ordineavvocatipescara.it\/index.php\/wp-json\/wp\/v2\/users\/3"}],"replies":[{"embeddable":true,"href":"https:\/\/www.ordineavvocatipescara.it\/index.php\/wp-json\/wp\/v2\/comments?post=14390"}],"version-history":[{"count":2,"href":"https:\/\/www.ordineavvocatipescara.it\/index.php\/wp-json\/wp\/v2\/pages\/14390\/revisions"}],"predecessor-version":[{"id":14392,"href":"https:\/\/www.ordineavvocatipescara.it\/index.php\/wp-json\/wp\/v2\/pages\/14390\/revisions\/14392"}],"wp:attachment":[{"href":"https:\/\/www.ordineavvocatipescara.it\/index.php\/wp-json\/wp\/v2\/media?parent=14390"}],"curies":[{"name":"wp","href":"https:\/\/api.w.org\/{rel}","templated":true}]}}