{"id":14639,"date":"2019-10-09T16:01:05","date_gmt":"2019-10-09T15:01:05","guid":{"rendered":"http:\/\/www.ordineavvocatipescara.it\/?page_id=14639"},"modified":"2019-10-09T16:07:29","modified_gmt":"2019-10-09T15:07:29","slug":"sportello-informazioni-previdenziali","status":"publish","type":"page","link":"https:\/\/www.ordineavvocatipescara.it\/index.php\/sportello-informazioni-previdenziali\/","title":{"rendered":"Sportello Informazioni Previdenziali"},"content":{"rendered":"<p>&nbsp;<\/p>\n<p style=\"text-align: justify;\"><strong>SPORTELLO INFORMAZIONI PREVIDENZIALI<\/strong><\/p>\n<p style=\"text-align: justify;\">Il Consiglio, nella seduta del 26.09.19, ha deliberato di istituire un servizio di informazioni previdenziali agli iscritti.<\/p>\n<p style=\"text-align: justify;\">Lo Sportello Previdenza sar\u00e0 attivo, <strong>a far data<\/strong> <strong>da luned\u00ec 21 ottobre,<\/strong> tutti i luned\u00ec dalle ore 12.00 alle 13.00 presso i locali del COA, <strong>previo appuntamento<\/strong> da richiedere tramite e-mail almeno cinque giorni prima dell\u2019incontro utilizzando il modulo allegato.<\/p>\n<p style=\"text-align: justify;\"><span style=\"color: #0000ff;\">MODULO RICHIESTA APPUNTAMENTO SPORTELLO PREVIDENZA <a href=\"http:\/\/www.ordineavvocatipescara.it\/wp-content\/uploads\/2019\/10\/MOD.-RICHIESTA-APPUNTAMENTO-SPORTELLO-PREVIDENZA.docx\" rel=\"\">clicca qui<\/a><em><br \/>\n<\/em><\/span><\/p>\n","protected":false},"excerpt":{"rendered":"<p>&nbsp; SPORTELLO INFORMAZIONI PREVIDENZIALI Il Consiglio, nella seduta del 26.09.19, ha deliberato di istituire un servizio di informazioni previdenziali agli iscritti. Lo Sportello Previdenza sar\u00e0 attivo, a far data da luned\u00ec 21 ottobre, tutti i luned\u00ec dalle ore 12.00 alle 13.00 presso i locali del COA, previo appuntamento da richiedere tramite e-mail almeno cinque giorni [&hellip;]<\/p>\n","protected":false},"author":3,"featured_media":0,"parent":0,"menu_order":0,"comment_status":"closed","ping_status":"closed","template":"","meta":[],"_links":{"self":[{"href":"https:\/\/www.ordineavvocatipescara.it\/index.php\/wp-json\/wp\/v2\/pages\/14639"}],"collection":[{"href":"https:\/\/www.ordineavvocatipescara.it\/index.php\/wp-json\/wp\/v2\/pages"}],"about":[{"href":"https:\/\/www.ordineavvocatipescara.it\/index.php\/wp-json\/wp\/v2\/types\/page"}],"author":[{"embeddable":true,"href":"https:\/\/www.ordineavvocatipescara.it\/index.php\/wp-json\/wp\/v2\/users\/3"}],"replies":[{"embeddable":true,"href":"https:\/\/www.ordineavvocatipescara.it\/index.php\/wp-json\/wp\/v2\/comments?post=14639"}],"version-history":[{"count":3,"href":"https:\/\/www.ordineavvocatipescara.it\/index.php\/wp-json\/wp\/v2\/pages\/14639\/revisions"}],"predecessor-version":[{"id":14642,"href":"https:\/\/www.ordineavvocatipescara.it\/index.php\/wp-json\/wp\/v2\/pages\/14639\/revisions\/14642"}],"wp:attachment":[{"href":"https:\/\/www.ordineavvocatipescara.it\/index.php\/wp-json\/wp\/v2\/media?parent=14639"}],"curies":[{"name":"wp","href":"https:\/\/api.w.org\/{rel}","templated":true}]}}