{"id":17051,"date":"2020-07-06T14:36:15","date_gmt":"2020-07-06T13:36:15","guid":{"rendered":"https:\/\/www.ordineavvocatipescara.it\/?page_id=17051"},"modified":"2023-07-28T11:43:14","modified_gmt":"2023-07-28T10:43:14","slug":"informazioni-trattamento-dati-ex-art-13-gdpr-679-16","status":"publish","type":"page","link":"https:\/\/www.ordineavvocatipescara.it\/index.php\/informazioni-trattamento-dati-ex-art-13-gdpr-679-16\/","title":{"rendered":"Privacy Policy"},"content":{"rendered":"<h4 style=\"margin: 0cm; margin-bottom: .0001pt;\"><span style=\"font-size: 10pt; color: #666699;\"><em>(Pubblicazione ai sensi dell&#8217;art. 37 n. 7 GDPR)<\/em><\/span><\/h4>\n<h4><span style=\"font-size: 10pt; color: #666699;\"><strong><span style=\"color: #333399;\">Dati del Responsabile della protezione dei dati<\/span><br \/>\n<\/strong><\/span><\/h4>\n<h4 style=\"margin: 0cm; margin-bottom: .0001pt;\"><span style=\"font-size: 10pt; color: #666699;\">Denominazione:\u00a0 Avv. Alfredo Solarino<br \/>\n<\/span><\/h4>\n<h4 style=\"margin: 0cm; margin-bottom: .0001pt;\"><span style=\"font-size: 10pt; color: #666699;\">Codice Fiscale\/P. IVA: SLRLRD70M20L219Z<\/span><\/h4>\n<h4 style=\"margin: 0cm; margin-bottom: .0001pt;\"><span style=\"font-size: 10pt; color: #666699;\">Stato: ITALIA<\/span><\/h4>\n<h4 style=\"margin: 0cm; margin-bottom: .0001pt;\"><span style=\"font-size: 10pt; color: #666699;\">Indirizzo:\u00a0\u00a0\u00a0\u00a0\u00a0\u00a0\u00a0\u00a0\u00a0\u00a0\u00a0\u00a0\u00a0\u00a0\u00a0\u00a0\u00a0\u00a0\u00a0 Via Vittorio Veneto, 22<br \/>\n<\/span><\/h4>\n<h4 style=\"margin: 0cm; margin-bottom: .0001pt;\"><span style=\"font-size: 10pt; color: #666699;\">Citt\u00e0:\u00a0\u00a0\u00a0\u00a0\u00a0\u00a0\u00a0\u00a0\u00a0\u00a0\u00a0\u00a0\u00a0\u00a0\u00a0\u00a0\u00a0\u00a0\u00a0\u00a0\u00a0\u00a0\u00a0\u00a0\u00a0 PISA<\/span><\/h4>\n<h4 style=\"margin: 0cm; margin-bottom: .0001pt;\"><span style=\"font-size: 10pt; color: #666699;\">CAP:\u00a0\u00a0\u00a0\u00a0\u00a0\u00a0\u00a0\u00a0\u00a0\u00a0\u00a0\u00a0\u00a0\u00a0\u00a0\u00a0\u00a0\u00a0\u00a0\u00a0\u00a0\u00a0\u00a0\u00a0\u00a0\u00a0 56127 \u00a0\u00a0\u00a0\u00a0\u00a0\u00a0\u00a0\u00a0\u00a0\u00a0\u00a0\u00a0 Provincia: PI<br \/>\n<\/span><\/h4>\n<h4 style=\"margin: 0cm; margin-bottom: .0001pt;\"><span style=\"font-size: 10pt; color: #666699;\">Telefono:\u00a0\u00a0\u00a0\u00a0\u00a0\u00a0\u00a0\u00a0\u00a0\u00a0\u00a0\u00a0\u00a0\u00a0\u00a0\u00a0\u00a0\u00a0\u00a0 050575639<\/span><\/h4>\n<h4 style=\"margin: 0cm; margin-bottom: .0001pt;\"><span style=\"font-size: 10pt; color: #666699;\">E-mail:\u00a0\u00a0\u00a0\u00a0\u00a0\u00a0\u00a0\u00a0\u00a0\u00a0\u00a0\u00a0\u00a0\u00a0\u00a0\u00a0\u00a0\u00a0\u00a0\u00a0\u00a0 avv.solarino@studiolegalealexa.it<\/span><\/h4>\n<h4 style=\"margin: 0cm; margin-bottom: .0001pt;\"><\/h4>\n<h4><\/h4>\n<p>&nbsp;<\/p>\n<p style=\"text-align: justify;\"><strong><span style=\"font-size: 14pt; color: #666699;\">PRIVACY POLICY<\/span><\/strong><\/p>\n<p style=\"text-align: justify;\"><span style=\"color: #666699;\">PRIVACY\u00a0POLICY &#8211; Ordine degli Avvocati di Pescara<\/span><\/p>\n<p style=\"text-align: justify;\"><span style=\"color: #666699;\">AI SENSI DEGLI ARTT. 13 E 14 DEL REGOLAMENTO GENERALE SULLA PROTEZIONE DEI DATI UE 2016\/679<\/span><\/p>\n<p style=\"text-align: justify;\"><strong><span style=\"color: #666699;\">Il Titolare del trattamento <\/span><\/strong><\/p>\n<p style=\"text-align: justify;\"><span style=\"color: #666699;\">Il Titolare del trattamento \u00e8 il Consiglio dell\u2019Ordine degli Avvocati di Pescara, nella persona del Presidente e legale rappresentante pro tempore domiciliato per la carica in Pescara presso il Palazzo di Giustizia, Via A. Lo Feudo snc, Tel. 085693965, Fax 085690990, mail <a style=\"color: #666699;\" href=\"mailto:segreteria@ordineavvocatipescara.it\">segreteria@ordineavvocatipescara.it<\/a>, PEC\u00a0<a style=\"color: #666699;\" href=\"mailto:segreteria@ordineavvocatipescarapec.it\">segreteria@ordineavvocatipescarapec.it<\/a> .<\/span><\/p>\n<p style=\"text-align: justify;\"><span style=\"color: #666699;\">La presente informativa \u00e8 inserita nel sito web dell\u2019Ordine al fine di fornire informazioni agli utenti interessanti circa l\u2019utilizzo dei dati personali in suo possesso.<\/span><\/p>\n<p style=\"text-align: justify;\"><strong><span style=\"color: #666699;\">Oggetto del trattamento<\/span><\/strong><\/p>\n<p style=\"text-align: justify;\"><span style=\"color: #666699;\">I dati personali in possesso dell\u2019Ordine sono raccolti direttamente dagli iscritti, ovvero nelle altre forme previste dalla legge. I dati vengono trattati nel rispetto degli obblighi di correttezza, liceit\u00e0 e trasparenza imposti dalla citata normativa, tutelando la riservatezza e i diritti degli interessati. Il conferimento dei dati richiesti con la varia modulistica predisposta dall\u2019Ordine \u00e8 obbligatorio, ai sensi delle vigenti norme di legge e regolamentari applicabili e il loro mancato conferimento potrebbe pregiudicare l\u2019accesso al servizio richiesto.<\/span><\/p>\n<p><strong><span style=\"color: #666699;\">Finalit\u00e0 del trattamento<\/span><\/strong><\/p>\n<p style=\"text-align: justify;\"><span style=\"color: #666699;\">I dati personali da Lei forniti sono necessari per gli adempimenti previsti per legge, la contabilit\u00e0 interna dell\u2019Ordine incluse le opportune comunicazioni al Consiglio Nazionale Forense, per la tenuta dell\u2019albo telematico e per lo svolgimento dei progetti istituzionali a quali l\u2019Ordine \u00e8 preposto. In particolare: la gestione dell\u2019albo degli iscritti, comprese eventuali variazioni, cancellazioni operata con e senza l\u2019ausilio di strumenti informatici; tenuta dei fascicoli relativi a procedimenti disciplinari; pratiche di liquidazione degli onorari professionali; rilascio di pareri sugli onorari professionali; tenuta delle liste dei difensori d\u2019ufficio; tenuta delle liste dei difensori abilitati al patrocinio a spese dello Stato. Inoltre i dati possono essere trattati per le attivit\u00e0 volte a favorire gli iscritti nello svolgimento della professione. Infine, i dati personali potranno essere trattati con riferimento alle iniziative di formazione e\/o aggiornamento professionale, culturali e\/o ricreative (dirette agli iscritti e non) della cui organizzazione l\u2019Ordine degli Avvocati di Pescara sia, anche solo in parte, investito, per le finalit\u00e0 strettamente necessarie all\u2019organizzazione dell\u2019iniziativa, gestione delle iscrizioni, riscossione delle quote di partecipazione e comunque per tutte quelle che si rendano necessarie alla fornitura del servizio richiesto.<\/span><\/p>\n<p style=\"text-align: justify;\"><strong><span style=\"color: #666699;\">Base giuridica del trattamento<\/span><\/strong><\/p>\n<p style=\"text-align: justify;\"><span style=\"color: #666699;\">La base giuridica del trattamento \u00e8 l\u2019adempimento di obblighi legali nonch\u00e9 l\u2019esecuzione di compiti di interesse pubblico di cui \u00e8 investito l\u2019Ordine. Laddove il trattamento dei dati fosse operato al di fuori di tale base giuridica verr\u00e0 fornita un\u2019informativa e richiesto un consenso al trattamento.<\/span><\/p>\n<p style=\"text-align: justify;\"><strong><span style=\"color: #666699;\">Modalit\u00e0 di trattamento e conservazione<\/span><\/strong><\/p>\n<p style=\"text-align: justify;\"><span style=\"color: #666699;\">Il trattamento sar\u00e0 svolto in forma automatizzata e\/o manuale, nel rispetto di quanto previsto dall\u2019art. 32 del GDPR 2016\/679 in materia di misure di sicurezza, ad opera di soggetti appositamente incaricati e in ottemperanza a quanto previsto dall\u2019art. 29 GDPR 2016\/ 679. Le segnaliamo che, nel rispetto dei principi di liceit\u00e0, limitazione delle finalit\u00e0 e minimizzazione dei dati, ai sensi dell\u2019art. 5 GDPR 2016\/679, previo il Suo consenso libero ed esplicito, i Suoi dati personali saranno conservati per il periodo di tempo necessario per il conseguimento delle finalit\u00e0 per le quali sono raccolti e trattati. L\u2019eventuale rifiuto a fornire il consenso per il trattamento potrebbe implicare l\u2019impossibilit\u00e0 di adempiere alle attivit\u00e0 richiesta.<\/span><\/p>\n<p style=\"text-align: justify;\"><strong><span style=\"color: #666699;\">Ambito di comunicazione e diffusione<\/span><\/strong><\/p>\n<p style=\"text-align: justify;\"><span style=\"color: #666699;\">Informiamo inoltre che i dati raccolti non saranno mai diffusi e non saranno oggetto di comunicazione senza Suo esplicito consenso, salvo le comunicazioni necessarie che possono comportare il trasferimento di dati ad enti pubblici, a consulenti o ad altri soggetti, anche in qualit\u00e0 di responsabili esterni del trattamento, per l\u2019adempimento degli obblighi di legge.<\/span><\/p>\n<p style=\"text-align: justify;\"><span style=\"color: #666699;\">I dati personali sono soggetti a diffusione attraverso il sito Internet istituzionale e attraverso le periodiche pubblicazioni cartacee dell\u2019Albo, e con ogni modalit\u00e0 che si renda necessaria conformemente alla natura pubblica degli stessi.<\/span><\/p>\n<p style=\"text-align: justify;\"><strong><span style=\"color: #666699;\">Responsabili del trattamento<\/span><\/strong><\/p>\n<p style=\"text-align: justify;\"><span style=\"color: #666699;\">Per le finalit\u00e0 precedentemente indicate e il conseguimento degli scopi istituzionali dell\u2019Ordine, i dati personali possono essere comunicati a Terzi opportunamente designati \u201cResponsabili del trattamento\u201d, quali societ\u00e0 di servizi di digitalizzazione dati, archiviazione, riscossione, stampa e spedizione, gestione di posta elettronica, nonch\u00e9 a istituti finanziari, istituti previdenziali, societ\u00e0 assicurative, societ\u00e0 editrici, medici e avvocati per le seguenti attivit\u00e0: recupero crediti dell\u2019Ordine; operazioni connesse alla raccolta, trattazione e conservazione dei dati relativi ai trattamenti di pensione di inabilit\u00e0 e invalidit\u00e0; operazioni connesse alla raccolta, trattazione e conservazione dei dati relativi alle prestazioni per maternit\u00e0 e malattia; eventi formativi e servizio di banca dati e di informazione giuridica; stampa e personalizzazione delle comunicazioni relative all\u2019applicazione di sanzioni.<\/span><\/p>\n<p style=\"text-align: justify;\"><strong><span style=\"color: #666699;\">Diritti dell\u2019interessato<\/span><\/strong><\/p>\n<p style=\"text-align: justify;\"><span style=\"color: #666699;\">In ogni momento, Lei potr\u00e0 esercitare, ai sensi degli articoli dal 15 al 22 del Regolamento UE n. 2016\/679, il diritto di:<\/span><\/p>\n<ol style=\"text-align: justify;\">\n<li><span style=\"color: #666699;\">a) chiedere la conferma dell\u2019esistenza o meno di propri dati personali;<\/span><\/li>\n<li><span style=\"color: #666699;\">b) ottenere le indicazioni circa le finalit\u00e0 del trattamento, le categorie dei dati personali, i destinatari o le categorie di destinatari a cui i dati personali sono stati o saranno comunicati e, quando possibile, il periodo di conservazione;<\/span><\/li>\n<li><span style=\"color: #666699;\">c) ottenere la rettifica e la cancellazione dei dati;<\/span><\/li>\n<li><span style=\"color: #666699;\">d) ottenere la limitazione del trattamento;<\/span><\/li>\n<li><span style=\"color: #666699;\">e) ottenere la portabilit\u00e0 dei dati, ossia riceverli da un titolare del trattamento, in un formato strutturato, di uso comune e leggibile da dispositivo automatico, e trasmetterli ad un altro titolare del trattamento senza impedimenti;<\/span><\/li>\n<li><span style=\"color: #666699;\">f) opporsi al trattamento in qualsiasi momento;<\/span><\/li>\n<li><span style=\"color: #666699;\">g) chiedere al titolare del trattamento l\u2019accesso ai dati personali e la rettifica o la cancellazione degli stessi o la limitazione del trattamento che lo riguardano o di opporsi al loro trattamento, oltre al diritto alla portabilit\u00e0 dei dati;<\/span><\/li>\n<li><span style=\"color: #666699;\">h) revocare il consenso in qualsiasi momento senza pregiudicare la liceit\u00e0 del trattamento basata sul consenso prestato prima della revoca;<\/span><\/li>\n<li><span style=\"color: #666699;\">i) proporre reclamo a un\u2019autorit\u00e0 di controllo. Pu\u00f2 esercitare i Suoi diritti con richiesta scritta inviata all\u2019Ordine degli Avvocati di Pescara, all\u2019indirizzo postale della sede legale o all\u2019indirizzo mail\u00a0segreteria@ordineavvocatipescara.it<\/span><\/li>\n<\/ol>\n<p style=\"text-align: justify;\"><strong><span style=\"color: #666699;\">Responsabile della protezione dei dati (DPO)<\/span><\/strong><\/p>\n<p style=\"text-align: justify;\"><span style=\"color: #666699;\">Il responsabile della protezione dei dati (DPO) \u00e8 l&#8217;Avv. Alfredo Solarino, Via Vittorio Veneto, 22, Pisa.<\/span><\/p>\n<p style=\"text-align: justify;\"><strong><span style=\"color: #666699;\">Tracciamento utente<\/span><\/strong><\/p>\n<p style=\"text-align: justify;\"><span style=\"color: #666699;\">Il sito raccoglie alcuni dati dell\u2019utilizzatore per offrire i propri servizi. Per dettagli visualizzare l\u2019<a href=\"https:\/\/www.ordineavvocatipescara.it\/wp-content\/uploads\/2021\/10\/INFORMATIVA-COOKIES-1.pdf\">Informativa sui cookie<\/a>.<\/span><\/p>\n<p style=\"text-align: justify;\"><span style=\"color: #666699;\">L&#8217;interessato ha il diritto di proporre un reclamo al Garante per la Protezione dei Dati Personali, con sede in Roma PIAZZA VENEZIA 11 (tel. +39 06696771), seguendo le procedure e le indicazioni pubblicate sul sito web dell&#8217;Autorit\u00e0\u00a0<a style=\"color: #666699;\" href=\"https:\/\/www.garanteprivacy.it\/\">www.garanteprivacy.it<\/a><\/span><\/p>\n<p>&nbsp;<\/p>\n<p>&nbsp;<\/p>\n<p><span style=\"color: #333399;\">INFORMAZIONI TRATTAMENTO DATI<\/span><\/p>\n<p><span style=\"color: #666699;\">INFORMAZIONI DA FORNIRE ALL&#8217;INTERESSATO &#8211; DATI RACCOLTI PRESSO L&#8217;INTERESSATO<\/span><\/p>\n<p><span style=\"color: #666699;\"><em>(ex art. 13 GDPR 2016\/679)<\/em><\/span><\/p>\n<p><span style=\"color: #666699;\"><strong><a style=\"color: #666699;\" href=\"https:\/\/www.ordineavvocatipescara.it\/index.php\/informative-trattamento-dati\/\">Informative trattamento dati<\/a><\/strong><\/span><\/p>\n","protected":false},"excerpt":{"rendered":"<p>(Pubblicazione ai sensi dell&#8217;art. 37 n. 7 GDPR) Dati del Responsabile della protezione dei dati Denominazione:\u00a0 Avv. Alfredo Solarino Codice Fiscale\/P. IVA: SLRLRD70M20L219Z Stato: ITALIA Indirizzo:\u00a0\u00a0\u00a0\u00a0\u00a0\u00a0\u00a0\u00a0\u00a0\u00a0\u00a0\u00a0\u00a0\u00a0\u00a0\u00a0\u00a0\u00a0\u00a0 Via Vittorio Veneto, 22 Citt\u00e0:\u00a0\u00a0\u00a0\u00a0\u00a0\u00a0\u00a0\u00a0\u00a0\u00a0\u00a0\u00a0\u00a0\u00a0\u00a0\u00a0\u00a0\u00a0\u00a0\u00a0\u00a0\u00a0\u00a0\u00a0\u00a0 PISA CAP:\u00a0\u00a0\u00a0\u00a0\u00a0\u00a0\u00a0\u00a0\u00a0\u00a0\u00a0\u00a0\u00a0\u00a0\u00a0\u00a0\u00a0\u00a0\u00a0\u00a0\u00a0\u00a0\u00a0\u00a0\u00a0\u00a0 56127 \u00a0\u00a0\u00a0\u00a0\u00a0\u00a0\u00a0\u00a0\u00a0\u00a0\u00a0\u00a0 Provincia: PI Telefono:\u00a0\u00a0\u00a0\u00a0\u00a0\u00a0\u00a0\u00a0\u00a0\u00a0\u00a0\u00a0\u00a0\u00a0\u00a0\u00a0\u00a0\u00a0\u00a0 050575639 E-mail:\u00a0\u00a0\u00a0\u00a0\u00a0\u00a0\u00a0\u00a0\u00a0\u00a0\u00a0\u00a0\u00a0\u00a0\u00a0\u00a0\u00a0\u00a0\u00a0\u00a0\u00a0 avv.solarino@studiolegalealexa.it &nbsp; PRIVACY POLICY PRIVACY\u00a0POLICY &#8211; Ordine degli Avvocati di Pescara AI SENSI DEGLI ARTT. [&hellip;]<\/p>\n","protected":false},"author":3,"featured_media":0,"parent":0,"menu_order":0,"comment_status":"closed","ping_status":"closed","template":"","meta":[],"_links":{"self":[{"href":"https:\/\/www.ordineavvocatipescara.it\/index.php\/wp-json\/wp\/v2\/pages\/17051"}],"collection":[{"href":"https:\/\/www.ordineavvocatipescara.it\/index.php\/wp-json\/wp\/v2\/pages"}],"about":[{"href":"https:\/\/www.ordineavvocatipescara.it\/index.php\/wp-json\/wp\/v2\/types\/page"}],"author":[{"embeddable":true,"href":"https:\/\/www.ordineavvocatipescara.it\/index.php\/wp-json\/wp\/v2\/users\/3"}],"replies":[{"embeddable":true,"href":"https:\/\/www.ordineavvocatipescara.it\/index.php\/wp-json\/wp\/v2\/comments?post=17051"}],"version-history":[{"count":17,"href":"https:\/\/www.ordineavvocatipescara.it\/index.php\/wp-json\/wp\/v2\/pages\/17051\/revisions"}],"predecessor-version":[{"id":22942,"href":"https:\/\/www.ordineavvocatipescara.it\/index.php\/wp-json\/wp\/v2\/pages\/17051\/revisions\/22942"}],"wp:attachment":[{"href":"https:\/\/www.ordineavvocatipescara.it\/index.php\/wp-json\/wp\/v2\/media?parent=17051"}],"curies":[{"name":"wp","href":"https:\/\/api.w.org\/{rel}","templated":true}]}}