{"id":19704,"date":"2021-10-19T08:19:22","date_gmt":"2021-10-19T07:19:22","guid":{"rendered":"https:\/\/www.ordineavvocatipescara.it\/?page_id=19704"},"modified":"2022-08-04T16:39:22","modified_gmt":"2022-08-04T15:39:22","slug":"privacy-policy","status":"publish","type":"page","link":"https:\/\/www.ordineavvocatipescara.it\/index.php\/privacy-policy\/","title":{"rendered":"PRIVACY POLICY"},"content":{"rendered":"<p><em><strong>ORDINE DEGLI AVVOCATI DI PESCARA<\/strong><\/em><\/p>\n<p><em><strong>LA PRIVACY POLICY DI QUESTO SITO<\/strong><\/em><\/p>\n<p><em><strong>(artt. 13 e 14 del Regolamento UE 2016\/679)<\/strong><\/em><\/p>\n<p>&nbsp;<\/p>\n<p>La Privacy Policy del sito internet\u00a0<a href=\"https:\/\/www.ordineavvocatipescara.it\/\">https:\/\/www.ordineavvocatipescara.it\/<\/a><\/p>\n<p>Si descrivono le modalit\u00e0 di gestione del sito in riferimento al trattamento dei dati personali degli utenti che lo consultano.<\/p>\n<p>L&#8217;informativa \u00e8 resa anche ai sensi dell&#8217;art. 13 del D.Lgs. 30 giugno 2003 n. 196 &#8220;Codice in materia di protezione dei dati personali&#8221;, come modificato ed integrato dal D.Lgs. 10 agosto 2018 n 101, a coloro che interagiscono con i servizi online del Consiglio dell\u2019Ordine degli Avvocati di Pescara, accessibili per via telematica a partire dall&#8217;indirizzo: <a href=\"https:\/\/www.ordineavvocatipescara.it\/\">https:\/\/www.ordineavvocatipescara.it\/<\/a><\/p>\n<p>L&#8217;informativa \u00e8 resa solo per il sito del Consiglio dell\u2019Ordine degli Avvocati di Pescara e non anche per altri siti web eventualmente consultati dall&#8217;utente tramite link.<\/p>\n<p><strong>IL &#8220;TITOLARE&#8221; DEL TRATTAMENTO<\/strong><\/p>\n<p>La consultazione di questo sito comporta il rilascio di informazione e dati personali.<br \/>\nIl &#8220;titolare&#8221; del loro trattamento \u00e8 il Consiglio dell\u2019Ordine degli Avvocati di Pescara, che ha sede in Pescara alla Via Lo Feudo n. 1.<\/p>\n<p><strong>MODALITA&#8217; DEL TRATTAMENTO<\/strong><\/p>\n<p>I dati personali verranno trattati per mezzo di strumenti informatico\/telematici e per finalit\u00e0 connesse e\/o strumentali ai servizi online o per la semplice navigazione sul sito, cos\u00ec come stabilito dalla legislazione italiana vigente; in particolare: per rendere possibile l&#8217;erogazione del servizio; per rendere possibile l&#8217;esecuzione degli obblighi legali previsti.<\/p>\n<p>Il trattamento dei dati avverr\u00e0 per mezzo di strumenti e\/o modalit\u00e0 volte ad assicurare la riservatezza e la sicurezza dei dati, nel rispetto di quanto definito negli articoli 33 e seguenti del D.Lgs. 30 giugno 2003 n. 196, come modificato e integrato dal D.Lgs. 10 agosto 2018 n. 101.<\/p>\n<p><strong>LUOGO DI TRATTAMENTO DEI DATI<\/strong><\/p>\n<p>I trattamenti connessi ai servizi online di questo sito hanno luogo presso la predetta sede di Pescara alla Via Lo Feudo n. 1 e sono curati solo dal personale tecnico incaricato del trattamento, oppure da eventuali incaricati di operazioni di manutenzione.<\/p>\n<p><strong>TIPI DI DATI TRATTATI E FINALITA&#8217; DEL TRATTAMENTO<\/strong><\/p>\n<p><strong>Dati di registrazione<\/strong><\/p>\n<p>Le informazioni richieste in fase di registrazione verranno utilizzate per consentire l&#8217;accesso ai servizi online del Consiglio dell\u2019Ordine degli Avvocati di Pescara.<\/p>\n<p>Il Consiglio dell\u2019Ordine degli Avvocati di Pescara per assicurare il corretto svolgimento di tutte le attivit\u00e0 connesse o strumentali potr\u00e0, ove necessario, comunicare i dati personali degli utenti ad altre societ\u00e0 del Gruppo.<\/p>\n<p>Inoltre, essendo la registrazione propedeutica per l&#8217;accesso ai servizi online, i dati personali dei clienti, effettuata la scelta del servizio e previa ulteriore informativa, verranno trattati per le finalit\u00e0 connesse e\/o funzionali al servizio prescelto.<\/p>\n<p>Nel caso i servizi prescelti siano gestiti da terzi, i dati verranno comunicati ai singoli gestori. Questi ultimi operano come &#8220;titolari&#8221; per il trattamento connesso all&#8217;erogazione dei servizi di propria competenza.<\/p>\n<p><strong>Dati di navigazione<\/strong><\/p>\n<p>I sistemi informatici e le procedure software preposte al funzionamento di questo sito web acquisiscono, nel corso del loro normale esercizio, alcuni dati personali la cui trasmissione \u00e8 implicita nell&#8217;uso dei protocolli di comunicazione di Internet.<\/p>\n<p>Si tratta di informazioni che non sono raccolte per essere associate a interessati identificati, ma che per loro stessa natura potrebbero, attraverso elaborazioni ed associazioni con dati detenuti da terzi, permettere di identificare gli utenti.<\/p>\n<p>In questa categoria di dati rientrano gli indirizzi IP o i nomi a dominio dei computer utilizzati dagli utenti che si connettono al sito, gli indirizzi in notazione URI (Uniform Resource Identifier) delle risorse richieste, l&#8217;orario della richiesta, il metodo utilizzato nel sottoporre la richiesta al server, la dimensione del file ottenuto in risposta, il codice numerico indicante lo stato della risposta data dal server (buon fine, errore, ecc.) ed altri parametri relativi al sistema operativo e all&#8217;ambiente informatico dell&#8217;utente.<\/p>\n<p>Questi dati vengono utilizzati al solo fine di ricavare informazioni statistiche anonime sull&#8217;uso del sito e per controllarne il corretto funzionamento e sono conservati per i tempi definiti dalla normativa legale di riferimento. I dati potrebbero essere utilizzati per l&#8217;accertamento di responsabilit\u00e0 in caso di ipotetici reati informatici ai danni del sito.<\/p>\n<p><strong>DIRITTI DEGLI INTERESSATI<\/strong><\/p>\n<p>I soggetti cui si riferiscono i dati personali hanno il diritto in qualunque momento di ottenere la conferma o meno dell&#8217;esistenza dei medesimi dati e di conoscerne il contenuto e l&#8217;origine, verificarne l&#8217;esattezza o chiederne l&#8217;integrazione o l&#8217;aggiornamento, oppure la rettificazione (art. 7 del D. Lgs 30 giugno 2003 n. 196, come modificato e integrato dal D.Lgs. 10 agosto 2018 n. 101).<\/p>\n<p>Ai sensi del medesimo articolo si ha il diritto di chiedere la cancellazione, la trasformazione in forma anonima o il blocco dei dati trattati in violazione di legge, nonch\u00e9 di opporsi in ogni caso, per motivi legittimi, al loro trattamento.<\/p>\n<p>Tali diritti, insieme a quelli di portabilit\u00e0 e di opposizione al trattamento, possono essere esercitati alle condizioni previste dagli articoli 15-22 del Regolamento europeo 2016\/679.<\/p>\n<p>Le richieste vanno rivolte al titolare del trattamento presso la sua sede.<br \/>\nIl presente documento costituisce la &#8220;Privacy Policy&#8221; di questo sito oppure via posta, al Consiglio dell&#8217;Ordine degli Avvocati di Pescara, con sede in Pescara, Via Lo Feudo n. 1, CAP 65129.<\/p>\n<p><strong>Art. 7. D.Lgs 196\/03 come modificato e integrato dal D.Lgs. 10 agosto 2018 n. 101 &#8211; Diritto di accesso ai dati personali ed altri diritti<\/strong><\/p>\n<ol>\n<li>L&#8217;interessato ha diritto di ottenere la conferma dell&#8217;esistenza o meno di dati personali che lo riguardano, anche se non ancora registrati, e la loro comunicazione in forma intelligibile.<\/li>\n<li>L&#8217;interessato ha diritto di ottenere l&#8217;indicazione:\n<ol>\n<li>dell&#8217;origine dei dati personali;<\/li>\n<li>delle finalit\u00e0 e modalit\u00e0 del trattamento;<\/li>\n<li>della logica applicata in caso di trattamento effettuato con l&#8217;ausilio di strumenti elettronici;<\/li>\n<li>degli estremi identificativi del titolare, dei responsabili e del rappresentante designato ai sensi dell&#8217;articolo 5, comma 2;<\/li>\n<li>dei soggetti o delle categorie di soggetti ai quali i dati personali possono essere comunicati o che possono venirne a conoscenza in qualit\u00e0 di rappresentante designato nel territorio dello Stato, di responsabili o incaricati.<\/li>\n<\/ol>\n<\/li>\n<li>L&#8217;interessato ha diritto di ottenere:\n<ol>\n<li>l&#8217;aggiornamento, la rettificazione ovvero, quando vi ha interesse, l&#8217;integrazione dei dati;<\/li>\n<li>la cancellazione, la trasformazione in forma anonima o il blocco dei dati trattati in violazione di legge, compresi quelli di cui non \u00e8 necessaria la conservazione in relazione agli scopi per i quali i dati sono stati raccolti o successivamente trattati;<\/li>\n<li>l&#8217;attestazione che le operazioni di cui alle lettere a) e b) sono state portate a conoscenza, anche per quanto riguarda il loro contenuto, di coloro ai quali i dati sono stati comunicati o diffusi, eccettuato il caso in cui tale adempimento si rivela impossibile o comporta un impiego di mezzi manifestamente sproporzionato rispetto al diritto tutelato.<\/li>\n<\/ol>\n<\/li>\n<li>L&#8217;interessato ha diritto di opporsi, in tutto o in parte:\n<ol>\n<li>per motivi legittimi al trattamento dei dati personali che lo riguardano, ancorch\u00e9 pertinenti allo scopo della raccolta;<\/li>\n<li>al trattamento di dati personali che lo riguardano a fini di invio di materiale pubblicitario o di vendita diretta o per il compimento di ricerche di mercato o di comunicazione commerciale.<\/li>\n<\/ol>\n<\/li>\n<\/ol>\n<p><strong>P3P<\/strong><br \/>\nLa presente informativa sulla\u00a0<em>privacy<\/em>\u00a0\u00e8 anche consultabile in forma automatica dai pi\u00f9 recenti\u00a0<em>browser<\/em>\u00a0che implementano lo\u00a0<em>standard<\/em>\u00a0P3P (&#8220;<em>Platform for Privacy Preferences Project<\/em>&#8220;) proposto dal\u00a0<em>World Wide Web Consortium\u00a0<\/em>(<a href=\"http:\/\/www.w3c.org\/\">www.w3c.org<\/a>).<\/p>\n<p>Ogni sforzo verr\u00e0 fatto per rendere il pi\u00f9 possibile interoperabili le funzionalit\u00e0 di questo sito con i meccanismi di controllo automatico della\u00a0<em>privacy<\/em>\u00a0disponibili in alcuni prodotti utilizzati dagli utenti.<\/p>\n<p>Considerando che lo stato di perfezionamento dei meccanismi automatici di controllo non li rende attualmente esenti da errori e \u00a0disfunzioni, si \u00a0precisa che il presente documento, pubblicato all&#8217;indirizzo<\/p>\n<p><a href=\"https:\/\/www.ordineavvocatipescara.it\/\">https:\/\/www.ordineavvocatipescara.it\/<\/a><\/p>\n<p>costituisce la &#8220;<em>Privacy Policy<\/em>&#8221; di questo sito, che sar\u00e0 soggetta ad aggiornamenti tecnologici e di procedura.<\/p>\n<p>Il presente documento sar\u00e0 anche oggetto di aggiornamenti periodici legati all&#8217;evoluzione del quadro normativo in materia di privacy.<\/p>\n<p><strong>RESPONSABILE DELLA PROTEZIONE DEI DATI (DPO)<br \/>\n<\/strong><\/p>\n<p>Il responsabile della protezione dei dati (DPO) \u00e8:<\/p>\n<p>Consorzio IUSTEC, Codice Fiscale\/P.IVA: 02349470449, con sede i San Benedetto del Tronto (AP), Italia, c.a.p. 63074, alla Via Val Tibertina n. 23A, Telefono: 0735569049, E-Mail: dpo.coa.pescara@iustec.it<\/p>\n","protected":false},"excerpt":{"rendered":"<p>ORDINE DEGLI AVVOCATI DI PESCARA LA PRIVACY POLICY DI QUESTO SITO (artt. 13 e 14 del Regolamento UE 2016\/679) &nbsp; La Privacy Policy del sito internet\u00a0https:\/\/www.ordineavvocatipescara.it\/ Si descrivono le modalit\u00e0 di gestione del sito in riferimento al trattamento dei dati personali degli utenti che lo consultano. L&#8217;informativa \u00e8 resa anche ai sensi dell&#8217;art. 13 del [&hellip;]<\/p>\n","protected":false},"author":4,"featured_media":0,"parent":0,"menu_order":0,"comment_status":"closed","ping_status":"closed","template":"","meta":[],"_links":{"self":[{"href":"https:\/\/www.ordineavvocatipescara.it\/index.php\/wp-json\/wp\/v2\/pages\/19704"}],"collection":[{"href":"https:\/\/www.ordineavvocatipescara.it\/index.php\/wp-json\/wp\/v2\/pages"}],"about":[{"href":"https:\/\/www.ordineavvocatipescara.it\/index.php\/wp-json\/wp\/v2\/types\/page"}],"author":[{"embeddable":true,"href":"https:\/\/www.ordineavvocatipescara.it\/index.php\/wp-json\/wp\/v2\/users\/4"}],"replies":[{"embeddable":true,"href":"https:\/\/www.ordineavvocatipescara.it\/index.php\/wp-json\/wp\/v2\/comments?post=19704"}],"version-history":[{"count":5,"href":"https:\/\/www.ordineavvocatipescara.it\/index.php\/wp-json\/wp\/v2\/pages\/19704\/revisions"}],"predecessor-version":[{"id":30568,"href":"https:\/\/www.ordineavvocatipescara.it\/index.php\/wp-json\/wp\/v2\/pages\/19704\/revisions\/30568"}],"wp:attachment":[{"href":"https:\/\/www.ordineavvocatipescara.it\/index.php\/wp-json\/wp\/v2\/media?parent=19704"}],"curies":[{"name":"wp","href":"https:\/\/api.w.org\/{rel}","templated":true}]}}