{"id":8207,"date":"2015-09-09T16:06:06","date_gmt":"2015-09-09T15:06:06","guid":{"rendered":"http:\/\/www.ordineavvocatipescara.it\/?page_id=8207"},"modified":"2015-09-09T16:06:06","modified_gmt":"2015-09-09T15:06:06","slug":"informativa-13315-ruoli-corte-consiglio-di-stato-orari-uffici","status":"publish","type":"page","link":"https:\/\/www.ordineavvocatipescara.it\/index.php\/informativa-13315-ruoli-corte-consiglio-di-stato-orari-uffici\/","title":{"rendered":"Informativa 133\/15 (RUOLI CORTE &#8211; CONSIGLIO DI STATO ORARI UFFICI)"},"content":{"rendered":"<p><span style=\"color: #000080;\"><strong>\u00a0<\/strong><\/span><\/p>\n<p><span style=\"color: #000080;\"><strong>Lettera informativa n. 133\/15 del 09.09.2015<\/strong><\/span><\/p>\n<p><span style=\"color: #000080;\">\u00a0<\/span><\/p>\n<p><span style=\"color: #000080;\"><strong>\u00a0<\/strong><\/span><\/p>\n<p><span style=\"color: #000080;\"><strong>\u00a0<\/strong><\/span><\/p>\n<p><span style=\"color: #ff0000;\"><strong>1.CORTE D\u2019APPELLO L\u2019AQUILA \u2013 RUOLO UDIENZA LAVORO 10 SETTEMBRE 2015<\/strong><\/span><\/p>\n<p><span style=\"color: #000080;\">Con riferimento all\u2019udienza in oggetto, si trasmette il documento allegato. (<a href=\"http:\/\/www.ordineavvocatipescara.it\/wp-content\/uploads\/2015\/09\/R-LAVORO-10.9.pdf\">CLICCA QUI<\/a>)<\/span><\/p>\n<p><span style=\"color: #000080;\">Per ragioni di tutela della <em>privacy<\/em>, i nomi delle parti sono stati oscurati.<\/span><\/p>\n<p><span style=\"color: #000080;\">\u00a0<\/span><\/p>\n<p><span style=\"color: #ff0000;\"><strong><span style=\"color: #000080;\"><span style=\"color: #ff0000;\">2.<\/span> <\/span>CONSIGLIO DI STATO \u2013 UFFICI E ORARI<\/strong><\/span><\/p>\n<p><span style=\"color: #000080;\">Si trasmettono in allegato tre note del Consiglio di Stato, inoltrate dal CNF, relative alla nuova ubicazione dell\u2019Ufficio Ricezione Ricorsi, alla costituzione dell\u2019Ufficio Unico per il servizio Ricezione Atti ed agli orari di apertura pomeridiana degli uffici, per il periodo dal 15.09.2015 al 11.12.2015, nei giorni del marted\u00ec e venerd\u00ec ore 15-17. Si segnala che, per il deposito di atti in scadenza il sabato, viene preferita la giornata del venerd\u00ec. (<a href=\"http:\/\/www.ordineavvocatipescara.it\/wp-content\/uploads\/2015\/09\/CONSIGLIO-DI-STATO-UFFICI-E-ORARI.pdf\">CLICCA QUI<\/a>)<\/span><\/p>\n<p><span style=\"color: #000080;\">\u00a0<\/span><\/p>\n<p><span style=\"color: #000080;\">\u00a0<\/span><\/p>\n","protected":false},"excerpt":{"rendered":"<p>\u00a0 Lettera informativa n. 133\/15 del 09.09.2015 \u00a0 \u00a0 \u00a0 1.CORTE D\u2019APPELLO L\u2019AQUILA \u2013 RUOLO UDIENZA LAVORO 10 SETTEMBRE 2015 Con riferimento all\u2019udienza in oggetto, si trasmette il documento allegato. (CLICCA QUI) Per ragioni di tutela della privacy, i nomi delle parti sono stati oscurati. \u00a0 2. CONSIGLIO DI STATO \u2013 UFFICI E ORARI Si [&hellip;]<\/p>\n","protected":false},"author":3,"featured_media":0,"parent":0,"menu_order":0,"comment_status":"closed","ping_status":"closed","template":"","meta":[],"_links":{"self":[{"href":"https:\/\/www.ordineavvocatipescara.it\/index.php\/wp-json\/wp\/v2\/pages\/8207"}],"collection":[{"href":"https:\/\/www.ordineavvocatipescara.it\/index.php\/wp-json\/wp\/v2\/pages"}],"about":[{"href":"https:\/\/www.ordineavvocatipescara.it\/index.php\/wp-json\/wp\/v2\/types\/page"}],"author":[{"embeddable":true,"href":"https:\/\/www.ordineavvocatipescara.it\/index.php\/wp-json\/wp\/v2\/users\/3"}],"replies":[{"embeddable":true,"href":"https:\/\/www.ordineavvocatipescara.it\/index.php\/wp-json\/wp\/v2\/comments?post=8207"}],"version-history":[{"count":1,"href":"https:\/\/www.ordineavvocatipescara.it\/index.php\/wp-json\/wp\/v2\/pages\/8207\/revisions"}],"predecessor-version":[{"id":8210,"href":"https:\/\/www.ordineavvocatipescara.it\/index.php\/wp-json\/wp\/v2\/pages\/8207\/revisions\/8210"}],"wp:attachment":[{"href":"https:\/\/www.ordineavvocatipescara.it\/index.php\/wp-json\/wp\/v2\/media?parent=8207"}],"curies":[{"name":"wp","href":"https:\/\/api.w.org\/{rel}","templated":true}]}}