{"id":8319,"date":"2015-10-19T12:50:28","date_gmt":"2015-10-19T11:50:28","guid":{"rendered":"http:\/\/www.ordineavvocatipescara.it\/?page_id=8319"},"modified":"2015-10-19T12:57:14","modified_gmt":"2015-10-19T11:57:14","slug":"informativa-14915-ruoli-corte-parere-cnf-comunicato-stampa-cnf","status":"publish","type":"page","link":"https:\/\/www.ordineavvocatipescara.it\/index.php\/informativa-14915-ruoli-corte-parere-cnf-comunicato-stampa-cnf\/","title":{"rendered":"Informativa 149\/15 (RUOLI CORTE &#8211; PARERE CNF &#8211; COMUNICATO STAMPA CNF)"},"content":{"rendered":"<p>&nbsp;<\/p>\n<p><strong><span style=\"color: #000080;\">Lettera informativa n. 149\/15 del 19.10.2015<\/span><\/strong><\/p>\n<p>&nbsp;<\/p>\n<p><span style=\"color: #ff0000;\"><strong>1.CORTE D\u2019APPELLO L\u2019AQUILA \u2013 RUOLI UDIENZA 20 OTTOBRE 2015<\/strong><\/span><br \/>\n<span style=\"color: #000080;\">Con riferimento all\u2019udienza in oggetto, si trasmettono i seguenti documenti:<\/span><\/p>\n<p><span style=\"color: #000080;\">20 ottobre 2015: <\/span><br \/>\n<span style=\"color: #000080;\"> &#8211; fasce orarie 20.10.15 (<a href=\"http:\/\/www.ordineavvocatipescara.it\/wp-content\/uploads\/2015\/10\/fasce-orarie-20.10.pdf\">clicca qui<\/a>)<\/span><br \/>\n<span style=\"color: #000080;\"> &#8211; rinvii 20.10.15 (<a href=\"http:\/\/www.ordineavvocatipescara.it\/wp-content\/uploads\/2015\/10\/rinvii-20.10.pdf\">clicca qui<\/a>)<\/span><br \/>\n<span style=\"color: #000080;\"> &#8211; ruoli 20.10.15 (<a href=\"http:\/\/www.ordineavvocatipescara.it\/wp-content\/uploads\/2015\/10\/r-20.10.pdf\">clicca qui<\/a>i)<\/span><\/p>\n<p><span style=\"color: #000080;\">Per ragioni di tutela della privacy, i nomi delle parti sono stati oscurati.<\/span><\/p>\n<p><strong><span style=\"color: #ff0000;\">2. PARERE CNF \u2013ISCRIZIONE ALBO CASSAZIONISTI<\/span><\/strong><br \/>\n<span style=\"color: #000080;\">Si segnala agli iscritti il parere adottato dalla Commissione Consultiva del Consiglio Nazionale Forense (in corso di pubblicazione nella Banca dati deontologica del CNF) sulla possibilit\u00e0 di iscriversi all\u2019Albo dei Cassazionisti secondo la normativa previgente, in base alla norma transitoria contenuta nell\u2019art. 22 co. 3 e 4 L.P. 247\/12, ovvero: chi abbia gi\u00e0 maturato il requisito di anzianit\u00e0 al momento di entrata in vigore della legge (2 febbraio 2013) o chi lo maturi entro i tre anni successivi, cio\u00e8 <strong>entro il 2 febbraio 2016<\/strong>, potr\u00e0 presentare la domanda senza necessit\u00e0 di sostenere nessun corso od esame, come previsto dall\u2019attuale normativa.<\/span><br \/>\n<span style=\"color: #000080;\">Il parere specifica che \u201cl\u2019unico limite che viene in essere ai fini dell\u2019iscrizione all\u2019albo speciale per il patrocinio davanti alle giurisdizioni superiori \u00e8 quello relativo al <strong>momento di acquisizione dei requisiti richiesti<\/strong> per detta iscrizione (entro il 2 febbraio 2016), e non gi\u00e0 quello in cui viene presentata la richiesta\u201d, che non ha limiti temporali.<\/span><\/p>\n<p><strong><span style=\"color: #ff0000;\">3. COMUNICATO STAMPA CNF<\/span><\/strong><br \/>\n<span style=\"color: #000080;\">Si segnala agli iscritti il comunicato stampa del Consiglio Nazionale Forense relativo all\u2019incontro del 14 ottobre scorso tra il Presidente del CNF e il Ministro della Giustizia su mediazione, patrocinio a spese dello Stato, negoziazione assistita, e sul coinvolgimento dell\u2019Avvocatura nei lavori per la riforma dell\u2019ordinamento e della geografia giudiziaria e nelle conferenze permanenti che dovranno occuparsi della individuazione dei costi degli uffici giudiziari. (<a href=\"http:\/\/www.ordineavvocatipescara.it\/wp-content\/uploads\/2015\/10\/COMUNICATO-STAMPA-CNF.pdf\">CLICCA QUI<\/a>)<\/span><\/p>\n","protected":false},"excerpt":{"rendered":"<p>&nbsp; Lettera informativa n. 149\/15 del 19.10.2015 &nbsp; 1.CORTE D\u2019APPELLO L\u2019AQUILA \u2013 RUOLI UDIENZA 20 OTTOBRE 2015 Con riferimento all\u2019udienza in oggetto, si trasmettono i seguenti documenti: 20 ottobre 2015: &#8211; fasce orarie 20.10.15 (clicca qui) &#8211; rinvii 20.10.15 (clicca qui) &#8211; ruoli 20.10.15 (clicca quii) Per ragioni di tutela della privacy, i nomi delle [&hellip;]<\/p>\n","protected":false},"author":3,"featured_media":0,"parent":0,"menu_order":0,"comment_status":"closed","ping_status":"closed","template":"","meta":[],"_links":{"self":[{"href":"https:\/\/www.ordineavvocatipescara.it\/index.php\/wp-json\/wp\/v2\/pages\/8319"}],"collection":[{"href":"https:\/\/www.ordineavvocatipescara.it\/index.php\/wp-json\/wp\/v2\/pages"}],"about":[{"href":"https:\/\/www.ordineavvocatipescara.it\/index.php\/wp-json\/wp\/v2\/types\/page"}],"author":[{"embeddable":true,"href":"https:\/\/www.ordineavvocatipescara.it\/index.php\/wp-json\/wp\/v2\/users\/3"}],"replies":[{"embeddable":true,"href":"https:\/\/www.ordineavvocatipescara.it\/index.php\/wp-json\/wp\/v2\/comments?post=8319"}],"version-history":[{"count":2,"href":"https:\/\/www.ordineavvocatipescara.it\/index.php\/wp-json\/wp\/v2\/pages\/8319\/revisions"}],"predecessor-version":[{"id":8325,"href":"https:\/\/www.ordineavvocatipescara.it\/index.php\/wp-json\/wp\/v2\/pages\/8319\/revisions\/8325"}],"wp:attachment":[{"href":"https:\/\/www.ordineavvocatipescara.it\/index.php\/wp-json\/wp\/v2\/media?parent=8319"}],"curies":[{"name":"wp","href":"https:\/\/api.w.org\/{rel}","templated":true}]}}