{"id":9,"date":"2011-04-23T18:22:36","date_gmt":"2011-04-23T18:22:36","guid":{"rendered":"http:\/\/localhost\/wp_ordine\/?page_id=9"},"modified":"2026-04-15T17:24:16","modified_gmt":"2026-04-15T16:24:16","slug":"camera-conciliazione","status":"publish","type":"page","link":"https:\/\/www.ordineavvocatipescara.it\/index.php\/camera-conciliazione\/","title":{"rendered":"Camera di Conciliazione"},"content":{"rendered":"<p>&nbsp;<\/p>\n<p style=\"text-align: center;\"><a href=\"https:\/\/www.ordineavvocatipescara.it\/wp-content\/uploads\/2023\/04\/CONSIGLIO-DIRETTIVO-2023-26.pdf\"><span style=\"font-family: arial black, sans-serif;\"><strong><span style=\"color: #3366ff;\">IL CONSIGLIO DIRETTIVO 2023-2026<\/span><\/strong><\/span><\/a><\/p>\n<p>&nbsp;<\/p>\n<p><strong><span style=\"color: #000080;\">UFFICI DI SEGRETERIA<\/span><\/strong><\/p>\n<p><strong><span style=\"color: #000080;\">ORARI:<\/span> <\/strong><\/p>\n<p>MATTINA: dal luned\u00ec al venerd\u00ec ore 10.00-12.00<\/p>\n<p>POMERIGGIO: marted\u00ec e gioved\u00ec ore 15.00-17.00<\/p>\n<p><strong><span style=\"color: #000080;\">Addette alla Segreteria:<\/span><\/strong><\/p>\n<p>Anna D&#8217;Alessio, Giulia D&#8217;Orazio<\/p>\n<p><strong><span style=\"color: #000080;\">CONTATTI:<\/span><\/strong><\/p>\n<p>Palazzo di Giustizia &#8211; Settore civile &#8211; Ingresso 8 &#8211; Piano I \u2013 <strong><span style=\"color: #000080;\">Stanza 135<\/span><\/strong><br \/>\nTel. \/ Fax 085.4503418<\/p>\n<p>E-mail: segreteria@cameraconciliazioneforensepescara.it<\/p>\n<p>PEC: <a href=\"mailto:conciliazione@ordineavvocatipescarapec.it\">conciliazione@ordineavvocatipescarapec.it<\/a><\/p>\n<p>&nbsp;<\/p>\n<p><strong><span style=\"color: #000080;\"><span style=\"font-size: 18pt;\">MODULISTICA <\/span>PROCEDURE DI MEDIAZIONE:<\/span><\/strong><\/p>\n<ul>\n<li><span style=\"color: #008000;\"><em><span style=\"font-family: arial black, sans-serif;\">ISTRUZIONI\u00a0<\/span> <\/em>PER LA PRESENTAZIONE DELLE ISTANZE <span style=\"color: #ff0000;\"><span style=\"color: #008000;\"><strong>\u00a0 <\/strong><\/span><a href=\"https:\/\/www.ordineavvocatipescara.it\/wp-content\/uploads\/2026\/01\/nuove-istruzioni_-MODALITA-DEPOSITO-IST.-MED.pdf\">clicca qui<\/a><\/span><\/span><\/li>\n<li><span style=\"color: #0000ff;\"><span style=\"font-family: 'arial black', sans-serif;\">DOMANDA DI AVVIO<\/span> DI PROCEDURA DI MEDIAZIONE\u00a0<a href=\"https:\/\/www.ordineavvocatipescara.it\/wp-content\/uploads\/2025\/09\/modello-DOMANDA-di-AVVIO-MEDIAZIONE-modif.docx\">formato word<\/a><\/span><\/li>\n<li><span style=\"color: #0000ff;\"><span style=\"font-family: 'arial black', sans-serif;\">ADESIONE AL PRIMO INCONTRO<\/span> DI MEDIAZIONE <a href=\"https:\/\/www.ordineavvocatipescara.it\/wp-content\/uploads\/2025\/09\/modello-di-ADESIONE-al-primo-incontro-di-mediazione-modif.docx\">formato word<\/a><\/span><\/li>\n<li><em><span style=\"color: #0000ff;\">facsimile<\/span><\/em><span style=\"font-family: arial black, sans-serif;\"> <strong><span style=\"color: #0000ff;\">PROCURA SPECIALE SOSTANZIALE<\/span><\/strong><\/span> <a href=\"https:\/\/www.ordineavvocatipescara.it\/wp-content\/uploads\/2025\/03\/PROCURA-SPECIALE-SOSTANZIALE-.docx\">formato word<\/a><\/li>\n<li><span style=\"color: #0000ff;\"><em>modello <\/em><span style=\"font-family: 'arial black', sans-serif;\">CLAUSOLA CONCILIATIVA<\/span> <a href=\"https:\/\/www.ordineavvocatipescara.it\/wp-content\/uploads\/2021\/12\/Clausola-conciliativa.docx\">clicca qui<\/a><\/span><\/li>\n<li><span style=\"color: #ff0000;\"><span style=\"font-family: arial black, sans-serif;\">ISTRUZIONI OPERATIVE<\/span> <span style=\"font-family: arial black, sans-serif;\">RICONOSCIMENTO CREDITO D&#8217;IMPOSTA <\/span>PER LE PARTI IN MEDIAZIONE<\/span> (<em>a cura del Coordinamento Conciliazione Forense<\/em>) <a href=\"https:\/\/www.ordineavvocatipescara.it\/wp-content\/uploads\/2026\/03\/Crediti-imposta-per-le-parti-Coordinamento-Conciliazione-Forense-25.2.26.pdf\">CLICCA QUI<\/a><\/li>\n<\/ul>\n<p>&nbsp;<\/p>\n<p><span style=\"color: #008000;\"><strong><span style=\"color: #000080;\">ELENCO MEDIATORI<\/span><\/strong> <span style=\"color: #000000;\">(<\/span><\/span><a href=\"https:\/\/www.ordineavvocatipescara.it\/wp-content\/uploads\/2025\/03\/Elenco-Mediatori-O.d.M.-aggiornato-al-23.01.2025.pdf\">formato pdf<\/a>) <strong><span style=\"color: #000080;\"><em>agg. 23.01.2025<\/em><\/span><\/strong><\/p>\n<p><em>SOSPENSIONE\u00a0 presentazione istanze inserimento Elenco Mediatori &#8211;<\/em> <span style=\"color: #0000ff;\">PROROGATA al 30 giugno 2027 <\/span><em><span style=\"color: #0000ff;\"><span style=\"color: #000000;\">(delibera COA 19.02.26)<\/span><\/span><\/em><\/p>\n<ul>\n<li>Domanda inserimento\u00a0Elenco Mediatori\u00a0(<a href=\"camera_conciliazione\/modello_domanda_elenco_mediatori.pdf\" target=\"_blank\" rel=\"noopener noreferrer\">formato pdf <\/a>)<\/li>\n<li>Indicazione Aree Giuridiche (<a href=\"https:\/\/www.ordineavvocatipescara.it\/wp-content\/uploads\/2011\/04\/domanda-elenchi-per-materia-1.doc\" rel=\"\">formato word<\/a>)<\/li>\n<\/ul>\n<p>&nbsp;<\/p>\n<p><span style=\"color: #000000; font-size: 14pt;\">DOCUMENTI<\/span><\/p>\n<p><strong><span style=\"text-decoration: underline; color: #000080;\">Regolamenti<\/span><\/strong><\/p>\n<ul>\n<li>Statuto (<a href=\"https:\/\/www.ordineavvocatipescara.it\/wp-content\/uploads\/2025\/02\/STATUTO-2013-approvato-COA-il-31.10.13-mod.12.05.2024.DEFdoc.pdf\">formato pdf<\/a>) <em>agg. 23.1.2025<\/em><\/li>\n<li>Regolamento (<a href=\"https:\/\/www.ordineavvocatipescara.it\/wp-content\/uploads\/2025\/02\/Regolamento-di-Procedura.pdf\">formato pdf<\/a> ) <em>agg. 23.1.2025<\/em><\/li>\n<li>\u00a0<em>Codice Etico<\/em> (<a href=\"https:\/\/www.ordineavvocatipescara.it\/wp-content\/uploads\/2025\/02\/Codice-Etico-CCF.DEF_.pdf\">formato pdf<\/a>)<\/li>\n<\/ul>\n<p><strong><span style=\"text-decoration: underline; color: #000080;\">Normativa<\/span><\/strong><\/p>\n<ul>\n<li>VADEMECUM MEDIAZIONE (<em>predisposto dall&#8217;Organismo Congressuale Forense alla luce dei correttivi alla Riforma Cartabia<\/em>) <a href=\"https:\/\/www.ordineavvocatipescara.it\/wp-content\/uploads\/2025\/03\/24_3_2025-Presentazione_OCF.pdf\">CLICCA QUI<\/a><\/li>\n<li><span style=\"color: #0000ff;\">D. Lgs. 28\/2010 e s.m.i. consolidato con le modifiche introdotte dal D.Lgs. n. 216\/2024\u00a0 in vigore dal 25.01.2025<\/span>\u00a0 (<a href=\"https:\/\/www.ordineavvocatipescara.it\/wp-content\/uploads\/2025\/03\/D.lgs-28-2010-consolidato-col-D.lgs-216-2024_001.pdf\">formato pdf<\/a>)<\/li>\n<li>DM n. 150\/2023 del 24.10.2023 (<a href=\"https:\/\/www.ordineavvocatipescara.it\/wp-content\/uploads\/2023\/11\/DM_150-2023_GU.pdf\">CLICCA QUI<\/a>)<\/li>\n<li>DM N. 139\/14 &#8211; modifiche al DM 180\/10 (ne modifica gli artt. 4, 8, 10, 11, 16, 18 e\u00a0inserisce il 14bis). In G.U. 221 del 23.09.14. (<a href=\"http:\/\/www.ordineavvocatipescara.it\/wp-content\/uploads\/2011\/04\/DM-139-4-agosto-2014.pdf\">formato pdf<\/a>)<\/li>\n<li>Decreto del fare &#8211; Modifiche al D. Lgs. 28\/2010: art. 84 DL 69\/13 conv. in L. 98\/13 (<a href=\"http:\/\/www.ordineavvocatipescara.it\/wp-content\/uploads\/2011\/04\/Art.-84-DL-69-13.pdf\">formato pdf<\/a>)<\/li>\n<li>06.10.2011 &#8211; DELIBERA ODM\u00a0 &#8211; <em>applicazione art. 5 n.2 D. 145\/11 mod. art. 16 co. 4 lett. d D.M. 180\/10<\/em> (<a href=\"http:\/\/www.ordineavvocatipescara.it\/wp-content\/uploads\/2011\/04\/DELIBERA-CDA-CONCILIAZIONE-FORENSE-06.10.11.pdf\">formato pdf<\/a>)<\/li>\n<li>06.07.2011 Decreto 145\/2011 (<a href=\"http:\/\/www.ordineavvocatipescara.it\/wp-content\/uploads\/2011\/04\/Decreto-6-luglio-2011-n-145.pdf\">formato pdf<\/a> )<\/li>\n<li>26.05.2011 &#8211; DELIBERA ODM &#8211; <em>valore indeterminabile <\/em>(<a href=\"http:\/\/www.ordineavvocatipescara.it\/wp-content\/uploads\/2011\/04\/DELIBERA-CDA-26.5.11.pdf\">formato pdf<\/a>)<\/li>\n<li>D.M. 180 del 18\/10\/2010 (<a href=\"camera_conciliazione\/DM_180_18_10_10.pdf\">formato pdf <\/a>)<\/li>\n<li>D.Lgs. 28 del 04\/03\/2010 (<a href=\"camera_conciliazione\/DLGS_04_03_10_%20n._%2028.pdf\" target=\"_blank\" rel=\"noopener noreferrer\">formato pdf <\/a>)<\/li>\n<li>Codice Europeo di condotta dei mediatori (<a href=\"http:\/\/www.ordineavvocatipescara.it\/wp-content\/uploads\/2011\/04\/Codice_europeo_di_condotta_dei_mediatori.pdf\">formato pdf<\/a>)<\/li>\n<li>Circolare Ministeriale 20.12.2011 (<a href=\"http:\/\/www.ordineavvocatipescara.it\/wp-content\/uploads\/2011\/04\/Circolare-Min.-20.12.11-interpretazione-145-11.pdf\">formato pdf<\/a>)<\/li>\n<li>Circolare Ministeriale 13.06.2011 (<a href=\"http:\/\/www.ordineavvocatipescara.it\/wp-content\/uploads\/2011\/04\/Circolare-Ministero-13-giugno-2011.pdf\">formato pdf<\/a>)<\/li>\n<li>Circolare Ministeriale 04.04.2011 (<a href=\"http:\/\/www.ordineavvocatipescara.it\/wp-content\/uploads\/2011\/04\/Circolare_ministeriale_4_aprile_2011.pdf\">formato pdf<\/a>)<\/li>\n<li>Provvedimento Garante Privacy n. 160-2011 (<a href=\"http:\/\/www.ordineavvocatipescara.it\/wp-content\/uploads\/2011\/04\/Provvedimento-Garante-Privacy-n.-160-2011.pdf\">formato pdf<\/a>)<\/li>\n<li>Provvedimento Garante Privacy n. 161-2011 (<a href=\"http:\/\/www.ordineavvocatipescara.it\/wp-content\/uploads\/2011\/04\/Provvedimento-Garante-Privacy-n.-161-2011.pdf\">formato pdf<\/a>)<\/li>\n<li>Provvedimento Garante Privacy n. 162-2011 (<a href=\"http:\/\/www.ordineavvocatipescara.it\/wp-content\/uploads\/2011\/04\/Provvedimento-Garante-Privacy-n.-162-2011.pdf\">formato pdf<\/a>)<\/li>\n<li>Aut. Garante Privacy 24.06.11 dati genetici\u00a0\u00a0(<a href=\"http:\/\/www.ordineavvocatipescara.it\/wp-content\/uploads\/2011\/04\/Garante-privacy-24.6.11-aut.-trattamento-dati-genetici.pdf\">formato pdf<\/a>)<\/li>\n<li>G. P. 24.06.11 &#8211; esonero notifica trattamento dati genetici\u00a0\u00a0(<a href=\"http:\/\/www.ordineavvocatipescara.it\/wp-content\/uploads\/2011\/04\/Garante-Privacy-24.6.11-esonero-notifica-trattamento-dati-genetici.pdf\">formato pdf<\/a>)<\/li>\n<\/ul>\n<p>&nbsp;<\/p>\n<hr \/>\n<p style=\"text-align: center;\">Palazzo di Giustizia &#8211; Settore civile &#8211; Ingresso 8 &#8211; Piano I<br \/>\nTel. \/ Fax 085.4503418\u00a0&#8211; E-mail: segreteria@cameraconciliazioneforensepescara.it<\/p>\n","protected":false},"excerpt":{"rendered":"<p>&nbsp; IL CONSIGLIO DIRETTIVO 2023-2026 &nbsp; UFFICI DI SEGRETERIA ORARI: MATTINA: dal luned\u00ec al venerd\u00ec ore 10.00-12.00 POMERIGGIO: marted\u00ec e gioved\u00ec ore 15.00-17.00 Addette alla Segreteria: Anna D&#8217;Alessio, Giulia D&#8217;Orazio CONTATTI: Palazzo di Giustizia &#8211; Settore civile &#8211; Ingresso 8 &#8211; Piano I \u2013 Stanza 135 Tel. \/ Fax 085.4503418 E-mail: segreteria@cameraconciliazioneforensepescara.it PEC: conciliazione@ordineavvocatipescarapec.it &nbsp; [&hellip;]<\/p>\n","protected":false},"author":1,"featured_media":0,"parent":0,"menu_order":0,"comment_status":"closed","ping_status":"closed","template":"","meta":[],"_links":{"self":[{"href":"https:\/\/www.ordineavvocatipescara.it\/index.php\/wp-json\/wp\/v2\/pages\/9"}],"collection":[{"href":"https:\/\/www.ordineavvocatipescara.it\/index.php\/wp-json\/wp\/v2\/pages"}],"about":[{"href":"https:\/\/www.ordineavvocatipescara.it\/index.php\/wp-json\/wp\/v2\/types\/page"}],"author":[{"embeddable":true,"href":"https:\/\/www.ordineavvocatipescara.it\/index.php\/wp-json\/wp\/v2\/users\/1"}],"replies":[{"embeddable":true,"href":"https:\/\/www.ordineavvocatipescara.it\/index.php\/wp-json\/wp\/v2\/comments?post=9"}],"version-history":[{"count":167,"href":"https:\/\/www.ordineavvocatipescara.it\/index.php\/wp-json\/wp\/v2\/pages\/9\/revisions"}],"predecessor-version":[{"id":30458,"href":"https:\/\/www.ordineavvocatipescara.it\/index.php\/wp-json\/wp\/v2\/pages\/9\/revisions\/30458"}],"wp:attachment":[{"href":"https:\/\/www.ordineavvocatipescara.it\/index.php\/wp-json\/wp\/v2\/media?parent=9"}],"curies":[{"name":"wp","href":"https:\/\/api.w.org\/{rel}","templated":true}]}}

<p>&nbsp;</p>
<p style="text-align: center;"><a href="https://www.ordineavvocatipescara.it/wp-content/uploads/2023/04/CONSIGLIO-DIRETTIVO-2023-26.pdf"><span style="font-family: arial black, sans-serif;"><strong><span style="color: #3366ff;">IL CONSIGLIO DIRETTIVO 2023-2026</span></strong></span></a></p>
<p>&nbsp;</p>
<p><strong><span style="color: #000080;">UFFICI DI SEGRETERIA</span></strong></p>
<p><strong><span style="color: #000080;">ORARI:</span> </strong></p>
<p>MATTINA: dal lunedì al venerdì ore 10.00-12.00</p>
<p>POMERIGGIO: martedì e giovedì ore 15.00-17.00</p>
<p><strong><span style="color: #000080;">Addette alla Segreteria:</span></strong></p>
<p>Anna D&#8217;Alessio, Giulia D&#8217;Orazio</p>
<p><strong><span style="color: #000080;">CONTATTI:</span></strong></p>
<p>Palazzo di Giustizia &#8211; Settore civile &#8211; Ingresso 8 &#8211; Piano I – <strong><span style="color: #000080;">Stanza 135</span></strong><br />
Tel. / Fax 085.4503418</p>
<p>E-mail: segreteria@cameraconciliazioneforensepescara.it</p>
<p>PEC: <a href="mailto:conciliazione@ordineavvocatipescarapec.it">conciliazione@ordineavvocatipescarapec.it</a></p>
<p>&nbsp;</p>
<p><strong><span style="color: #000080;"><span style="font-size: 18pt;">MODULISTICA </span>PROCEDURE DI MEDIAZIONE:</span></strong></p>
<ul>
<li><span style="color: #008000;"><em><span style="font-family: arial black, sans-serif;">ISTRUZIONI </span> </em>PER LA PRESENTAZIONE DELLE ISTANZE <span style="color: #ff0000;"><span style="color: #008000;"><strong>  </strong></span><a href="https://www.ordineavvocatipescara.it/wp-content/uploads/2026/01/nuove-istruzioni_-MODALITA-DEPOSITO-IST.-MED.pdf">clicca qui</a></span></span></li>
<li><span style="color: #0000ff;"><span style="font-family: 'arial black', sans-serif;">DOMANDA DI AVVIO</span> DI PROCEDURA DI MEDIAZIONE <a href="https://www.ordineavvocatipescara.it/wp-content/uploads/2025/09/modello-DOMANDA-di-AVVIO-MEDIAZIONE-modif.docx">formato word</a></span></li>
<li><span style="color: #0000ff;"><span style="font-family: 'arial black', sans-serif;">ADESIONE AL PRIMO INCONTRO</span> DI MEDIAZIONE <a href="https://www.ordineavvocatipescara.it/wp-content/uploads/2025/09/modello-di-ADESIONE-al-primo-incontro-di-mediazione-modif.docx">formato word</a></span></li>
<li><em><span style="color: #0000ff;">facsimile</span></em><span style="font-family: arial black, sans-serif;"> <strong><span style="color: #0000ff;">PROCURA SPECIALE SOSTANZIALE</span></strong></span> <a href="https://www.ordineavvocatipescara.it/wp-content/uploads/2025/03/PROCURA-SPECIALE-SOSTANZIALE-.docx">formato word</a></li>
<li><span style="color: #0000ff;"><em>modello </em><span style="font-family: 'arial black', sans-serif;">CLAUSOLA CONCILIATIVA</span> <a href="https://www.ordineavvocatipescara.it/wp-content/uploads/2021/12/Clausola-conciliativa.docx">clicca qui</a></span></li>
<li><span style="color: #ff0000;"><span style="font-family: arial black, sans-serif;">ISTRUZIONI OPERATIVE</span> <span style="font-family: arial black, sans-serif;">RICONOSCIMENTO CREDITO D&#8217;IMPOSTA </span>PER LE PARTI IN MEDIAZIONE</span> (<em>a cura del Coordinamento Conciliazione Forense</em>) <a href="https://www.ordineavvocatipescara.it/wp-content/uploads/2026/03/Crediti-imposta-per-le-parti-Coordinamento-Conciliazione-Forense-25.2.26.pdf">CLICCA QUI</a></li>
</ul>
<p>&nbsp;</p>
<p><span style="color: #008000;"><strong><span style="color: #000080;">ELENCO MEDIATORI</span></strong> <span style="color: #000000;">(</span></span><a href="https://www.ordineavvocatipescara.it/wp-content/uploads/2025/03/Elenco-Mediatori-O.d.M.-aggiornato-al-23.01.2025.pdf">formato pdf</a>) <strong><span style="color: #000080;"><em>agg. 23.01.2025</em></span></strong></p>
<p><em>SOSPENSIONE  presentazione istanze inserimento Elenco Mediatori &#8211;</em> <span style="color: #0000ff;">PROROGATA al 30 giugno 2027 </span><em><span style="color: #0000ff;"><span style="color: #000000;">(delibera COA 19.02.26)</span></span></em></p>
<ul>
<li>Domanda inserimento Elenco Mediatori (<a href="camera_conciliazione/modello_domanda_elenco_mediatori.pdf" target="_blank" rel="noopener noreferrer">formato pdf </a>)</li>
<li>Indicazione Aree Giuridiche (<a href="https://www.ordineavvocatipescara.it/wp-content/uploads/2011/04/domanda-elenchi-per-materia-1.doc" rel="">formato word</a>)</li>
</ul>
<p>&nbsp;</p>
<p><span style="color: #000000; font-size: 14pt;">DOCUMENTI</span></p>
<p><strong><span style="text-decoration: underline; color: #000080;">Regolamenti</span></strong></p>
<ul>
<li>Statuto (<a href="https://www.ordineavvocatipescara.it/wp-content/uploads/2025/02/STATUTO-2013-approvato-COA-il-31.10.13-mod.12.05.2024.DEFdoc.pdf">formato pdf</a>) <em>agg. 23.1.2025</em></li>
<li>Regolamento (<a href="https://www.ordineavvocatipescara.it/wp-content/uploads/2025/02/Regolamento-di-Procedura.pdf">formato pdf</a> ) <em>agg. 23.1.2025</em></li>
<li> <em>Codice Etico</em> (<a href="https://www.ordineavvocatipescara.it/wp-content/uploads/2025/02/Codice-Etico-CCF.DEF_.pdf">formato pdf</a>)</li>
</ul>
<p><strong><span style="text-decoration: underline; color: #000080;">Normativa</span></strong></p>
<ul>
<li>VADEMECUM MEDIAZIONE (<em>predisposto dall&#8217;Organismo Congressuale Forense alla luce dei correttivi alla Riforma Cartabia</em>) <a href="https://www.ordineavvocatipescara.it/wp-content/uploads/2025/03/24_3_2025-Presentazione_OCF.pdf">CLICCA QUI</a></li>
<li><span style="color: #0000ff;">D. Lgs. 28/2010 e s.m.i. consolidato con le modifiche introdotte dal D.Lgs. n. 216/2024  in vigore dal 25.01.2025</span>  (<a href="https://www.ordineavvocatipescara.it/wp-content/uploads/2025/03/D.lgs-28-2010-consolidato-col-D.lgs-216-2024_001.pdf">formato pdf</a>)</li>
<li>DM n. 150/2023 del 24.10.2023 (<a href="https://www.ordineavvocatipescara.it/wp-content/uploads/2023/11/DM_150-2023_GU.pdf">CLICCA QUI</a>)</li>
<li>DM N. 139/14 &#8211; modifiche al DM 180/10 (ne modifica gli artt. 4, 8, 10, 11, 16, 18 e inserisce il 14bis). In G.U. 221 del 23.09.14. (<a href="http://www.ordineavvocatipescara.it/wp-content/uploads/2011/04/DM-139-4-agosto-2014.pdf">formato pdf</a>)</li>
<li>Decreto del fare &#8211; Modifiche al D. Lgs. 28/2010: art. 84 DL 69/13 conv. in L. 98/13 (<a href="http://www.ordineavvocatipescara.it/wp-content/uploads/2011/04/Art.-84-DL-69-13.pdf">formato pdf</a>)</li>
<li>06.10.2011 &#8211; DELIBERA ODM  &#8211; <em>applicazione art. 5 n.2 D. 145/11 mod. art. 16 co. 4 lett. d D.M. 180/10</em> (<a href="http://www.ordineavvocatipescara.it/wp-content/uploads/2011/04/DELIBERA-CDA-CONCILIAZIONE-FORENSE-06.10.11.pdf">formato pdf</a>)</li>
<li>06.07.2011 Decreto 145/2011 (<a href="http://www.ordineavvocatipescara.it/wp-content/uploads/2011/04/Decreto-6-luglio-2011-n-145.pdf">formato pdf</a> )</li>
<li>26.05.2011 &#8211; DELIBERA ODM &#8211; <em>valore indeterminabile </em>(<a href="http://www.ordineavvocatipescara.it/wp-content/uploads/2011/04/DELIBERA-CDA-26.5.11.pdf">formato pdf</a>)</li>
<li>D.M. 180 del 18/10/2010 (<a href="camera_conciliazione/DM_180_18_10_10.pdf">formato pdf </a>)</li>
<li>D.Lgs. 28 del 04/03/2010 (<a href="camera_conciliazione/DLGS_04_03_10_%20n._%2028.pdf" target="_blank" rel="noopener noreferrer">formato pdf </a>)</li>
<li>Codice Europeo di condotta dei mediatori (<a href="http://www.ordineavvocatipescara.it/wp-content/uploads/2011/04/Codice_europeo_di_condotta_dei_mediatori.pdf">formato pdf</a>)</li>
<li>Circolare Ministeriale 20.12.2011 (<a href="http://www.ordineavvocatipescara.it/wp-content/uploads/2011/04/Circolare-Min.-20.12.11-interpretazione-145-11.pdf">formato pdf</a>)</li>
<li>Circolare Ministeriale 13.06.2011 (<a href="http://www.ordineavvocatipescara.it/wp-content/uploads/2011/04/Circolare-Ministero-13-giugno-2011.pdf">formato pdf</a>)</li>
<li>Circolare Ministeriale 04.04.2011 (<a href="http://www.ordineavvocatipescara.it/wp-content/uploads/2011/04/Circolare_ministeriale_4_aprile_2011.pdf">formato pdf</a>)</li>
<li>Provvedimento Garante Privacy n. 160-2011 (<a href="http://www.ordineavvocatipescara.it/wp-content/uploads/2011/04/Provvedimento-Garante-Privacy-n.-160-2011.pdf">formato pdf</a>)</li>
<li>Provvedimento Garante Privacy n. 161-2011 (<a href="http://www.ordineavvocatipescara.it/wp-content/uploads/2011/04/Provvedimento-Garante-Privacy-n.-161-2011.pdf">formato pdf</a>)</li>
<li>Provvedimento Garante Privacy n. 162-2011 (<a href="http://www.ordineavvocatipescara.it/wp-content/uploads/2011/04/Provvedimento-Garante-Privacy-n.-162-2011.pdf">formato pdf</a>)</li>
<li>Aut. Garante Privacy 24.06.11 dati genetici  (<a href="http://www.ordineavvocatipescara.it/wp-content/uploads/2011/04/Garante-privacy-24.6.11-aut.-trattamento-dati-genetici.pdf">formato pdf</a>)</li>
<li>G. P. 24.06.11 &#8211; esonero notifica trattamento dati genetici  (<a href="http://www.ordineavvocatipescara.it/wp-content/uploads/2011/04/Garante-Privacy-24.6.11-esonero-notifica-trattamento-dati-genetici.pdf">formato pdf</a>)</li>
</ul>
<p>&nbsp;</p>
<hr />
<p style="text-align: center;">Palazzo di Giustizia &#8211; Settore civile &#8211; Ingresso 8 &#8211; Piano I<br />
Tel. / Fax 085.4503418 &#8211; E-mail: segreteria@cameraconciliazioneforensepescara.it</p>

<p>&nbsp; IL CONSIGLIO DIRETTIVO 2023-2026 &nbsp; UFFICI DI SEGRETERIA ORARI: MATTINA: dal lunedì al venerdì ore 10.00-12.00 POMERIGGIO: martedì e giovedì ore 15.00-17.00 Addette alla Segreteria: Anna D&#8217;Alessio, Giulia D&#8217;Orazio CONTATTI: Palazzo di Giustizia &#8211; Settore civile &#8211; Ingresso 8 &#8211; Piano I – Stanza 135 Tel. / Fax 085.4503418 E-mail: segreteria@cameraconciliazioneforensepescara.it PEC: conciliazione@ordineavvocatipescarapec.it &nbsp; [&hellip;]</p>
