{"id":9184,"date":"2016-04-18T13:18:49","date_gmt":"2016-04-18T12:18:49","guid":{"rendered":"http:\/\/www.ordineavvocatipescara.it\/?page_id=9184"},"modified":"2016-04-18T13:18:49","modified_gmt":"2016-04-18T12:18:49","slug":"informativa-5316-ruoli-corte-direttive-g-e-professionisti-delegati-referente-cassa-per-leuropa-corso-cnf-distance-learning","status":"publish","type":"page","link":"https:\/\/www.ordineavvocatipescara.it\/index.php\/informativa-5316-ruoli-corte-direttive-g-e-professionisti-delegati-referente-cassa-per-leuropa-corso-cnf-distance-learning\/","title":{"rendered":"Informativa 53\/16 (RUOLI CORTE &#8211; DIRETTIVE G.E PROFESSIONISTI DELEGATI &#8211; REFERENTE CASSA PER L&#8217;EUROPA &#8211; CORSO CNF DISTANCE LEARNING)"},"content":{"rendered":"<p><span style=\"color: #000080;\"><strong>\u00a0Lettera informativa n. 53\/16 del 18.04.2016<\/strong><\/span><\/p>\n<p><span style=\"color: #000080;\"><strong>\u00a0<\/strong><\/span><\/p>\n<p><span style=\"color: #ff0000;\"><strong>1.CORTE D\u2019APPELLO L\u2019AQUILA \u2013 RUOLI UDIENZA 19 APRILE 2016<\/strong><\/span><\/p>\n<p><span style=\"color: #000080;\">Con riferimento all\u2019udienza in oggetto, si trasmettono i seguenti documenti:<\/span><\/p>\n<p><span style=\"color: #000080;\"><strong>\u00a019 aprile 2016:<\/strong><\/span><\/p>\n<p><span style=\"color: #000080;\">\u00a0\u00a0\u00a0\u00a0\u00a0\u00a0\u00a0\u00a0\u00a0\u00a0\u00a0 &#8211; fasce orarie 19.04.16 (<a href=\"http:\/\/www.ordineavvocatipescara.it\/wp-content\/uploads\/2016\/04\/fasce-orarie-19.4.pdf\" rel=\"\">clicca qui<\/a>)<\/span><\/p>\n<p><span style=\"color: #000080;\">\u00a0\u00a0\u00a0\u00a0\u00a0\u00a0\u00a0\u00a0\u00a0\u00a0\u00a0 &#8211; rinvii 19.04.16 (<a href=\"http:\/\/www.ordineavvocatipescara.it\/wp-content\/uploads\/2016\/04\/rinvii-19.4.pdf\" rel=\"\">clicca qui<\/a>)<\/span><\/p>\n<p><span style=\"color: #000080;\">\u00a0\u00a0\u00a0\u00a0\u00a0\u00a0\u00a0\u00a0\u00a0\u00a0\u00a0 &#8211; ruoli 19.04.16 (<a href=\"http:\/\/www.ordineavvocatipescara.it\/wp-content\/uploads\/2016\/04\/r-19.4.pdf\" rel=\"\">clicca qui<\/a>)<\/span><\/p>\n<p><span style=\"color: #000080;\"><strong>\u00a0<\/strong>Per ragioni di tutela della <em>privacy<\/em>, i nomi delle parti sono stati oscurati.<\/span><\/p>\n<p>&nbsp;<\/p>\n<p><span style=\"color: #ff0000;\"><strong>2.G. E. TRIBUNALE DI PESCARA \u2013 DIRETTIVE AI PROFESSIONISTI DELEGATI<\/strong><\/span><\/p>\n<p><span style=\"color: #000080;\">Si trasmette in allegato la nota 15.03.16 dei Giudici dell\u2019Esecuzione Immobiliare del Tribunale di Pescara contenente Direttive per i professionisti delegati alle vendite alla luce della L. 132\/15 di conversione del DL 83\/15, unitamente alla nuova ordinanza di delega. \u00a0<\/span><\/p>\n<p><span style=\"color: #000080;\">(<em>Direttive G.E. 15.3.16<\/em> <a href=\"http:\/\/www.ordineavvocatipescara.it\/wp-content\/uploads\/2016\/04\/direttive-giudici-esecuzione-per-delegati.pdf\" rel=\"\">CLICCA QUI<\/a>)<\/span><\/p>\n<p><span style=\"color: #000080;\">(<em>Nuova delega 2016<\/em> <a href=\"http:\/\/www.ordineavvocatipescara.it\/wp-content\/uploads\/2016\/04\/nuova-delega-aprile-2016.pdf\" rel=\"\">CLICCA QUI<\/a>)<\/span><\/p>\n<p><span style=\"color: #000080;\"><strong>\u00a0<\/strong><\/span><\/p>\n<p><span style=\"color: #ff0000;\"><strong>3.CASSA FORENSE \u2013 REFERENTE PER L\u2019EUROPA\/CORSO DI EUROPROGETTAZIONE<\/strong><\/span><\/p>\n<p><span style=\"color: #000080;\">Si trasmette in allegato la comunicazione di Cassa Forense relativa alla nomina di un Referente per l\u2019Europa presso l\u2019Ordine, che possa interagire con la Cassa e seguire un corso di Europrogettazione al fine di fornire poi informazioni ed assistenza agli iscritti che vogliano accedere ai fondi strutturali europei. (<a href=\"http:\/\/www.ordineavvocatipescara.it\/wp-content\/uploads\/2016\/04\/Referente-cassa-per-lEuropa.pdf\" rel=\"\">CLICCA QUI<\/a>)<\/span><\/p>\n<p><span style=\"color: #000080;\">I Colleghi eventualmente interessati potranno comunicare la propria disponibilit\u00e0 alla Segreteria dell\u2019Ordine <strong>entro e non oltre il 21.04.2016 ore 16.00<\/strong>. In caso di pluralit\u00e0 di dichiarazioni di interesse sar\u00e0 scelto il candidato con la minore anzianit\u00e0 di iscrizione all\u2019Albo.<\/span><\/p>\n<p>&nbsp;<\/p>\n<p><span style=\"color: #ff0000;\"><strong>4.CNF \u2013 CORSO DISTANCE LEARNING <em>DATA PROTECTION<\/em> &amp; <em>PRIVACY RIGHTS<\/em><\/strong><\/span><\/p>\n<p><span style=\"color: #000080;\">Si trasmette in allegato la nota CNF 12.4.16 relativa alla partecipazione al corso <em>distance learning<\/em> su \u201c<em>Data Protection &amp; Privacy Rights<\/em>\u201d, organizzato nell\u2019ambito del progetto europeo \u201cHuman rights Education for Legal Professionals \u2013 Help in the 28\u201d. (<a href=\"http:\/\/www.ordineavvocatipescara.it\/wp-content\/uploads\/2016\/04\/corso-cnf-distance-learning.pdf\" rel=\"\">CLICCA QUI<\/a>)<\/span><\/p>\n<p><span style=\"color: #000080;\">Disponibilit\u00e0: 30 posti. <strong>Scadenza: 12 maggio 2016<\/strong>. (<em><a href=\"http:\/\/www.ordineavvocatipescara.it\/wp-content\/uploads\/2016\/04\/Help_MODULO__DOMANDA_.doc\" rel=\"\">scarica il modello di domanda<\/a><\/em>)<\/span><\/p>\n<p>&nbsp;<\/p>\n<p>&nbsp;<\/p>\n<p>&nbsp;<\/p>\n","protected":false},"excerpt":{"rendered":"<p>\u00a0Lettera informativa n. 53\/16 del 18.04.2016 \u00a0 1.CORTE D\u2019APPELLO L\u2019AQUILA \u2013 RUOLI UDIENZA 19 APRILE 2016 Con riferimento all\u2019udienza in oggetto, si trasmettono i seguenti documenti: \u00a019 aprile 2016: \u00a0\u00a0\u00a0\u00a0\u00a0\u00a0\u00a0\u00a0\u00a0\u00a0\u00a0 &#8211; fasce orarie 19.04.16 (clicca qui) \u00a0\u00a0\u00a0\u00a0\u00a0\u00a0\u00a0\u00a0\u00a0\u00a0\u00a0 &#8211; rinvii 19.04.16 (clicca qui) \u00a0\u00a0\u00a0\u00a0\u00a0\u00a0\u00a0\u00a0\u00a0\u00a0\u00a0 &#8211; ruoli 19.04.16 (clicca qui) \u00a0Per ragioni di tutela della privacy, i [&hellip;]<\/p>\n","protected":false},"author":3,"featured_media":0,"parent":0,"menu_order":0,"comment_status":"closed","ping_status":"closed","template":"","meta":[],"_links":{"self":[{"href":"https:\/\/www.ordineavvocatipescara.it\/index.php\/wp-json\/wp\/v2\/pages\/9184"}],"collection":[{"href":"https:\/\/www.ordineavvocatipescara.it\/index.php\/wp-json\/wp\/v2\/pages"}],"about":[{"href":"https:\/\/www.ordineavvocatipescara.it\/index.php\/wp-json\/wp\/v2\/types\/page"}],"author":[{"embeddable":true,"href":"https:\/\/www.ordineavvocatipescara.it\/index.php\/wp-json\/wp\/v2\/users\/3"}],"replies":[{"embeddable":true,"href":"https:\/\/www.ordineavvocatipescara.it\/index.php\/wp-json\/wp\/v2\/comments?post=9184"}],"version-history":[{"count":1,"href":"https:\/\/www.ordineavvocatipescara.it\/index.php\/wp-json\/wp\/v2\/pages\/9184\/revisions"}],"predecessor-version":[{"id":9193,"href":"https:\/\/www.ordineavvocatipescara.it\/index.php\/wp-json\/wp\/v2\/pages\/9184\/revisions\/9193"}],"wp:attachment":[{"href":"https:\/\/www.ordineavvocatipescara.it\/index.php\/wp-json\/wp\/v2\/media?parent=9184"}],"curies":[{"name":"wp","href":"https:\/\/api.w.org\/{rel}","templated":true}]}}